74.7.243.240 - - [22/May/2026:21:28:45 +0530] "GET /x-cp-B9TJtEPi.php?path=//var/softaculous/ostic14/images HTTP/1.1" 200 15806 "https://demo.imensosoftware.com/x-cp-B9TJtEPi.php?path=//var/softaculous/ostic14" "Mozilla/5.0 AppleWebKit/537.36 (KHTML, like Gecko; compatible; GPTBot/1.4; +https://openai.com/gptbot)"
74.7.243.240 - - [22/May/2026:21:28:45 +0530] "GET /x-cp-B9TJtEPi.php?path=//var/softaculous/ocart23/images HTTP/1.1" 200 15806 "https://demo.imensosoftware.com/x-cp-B9TJtEPi.php?path=//var/softaculous/ocart23" "Mozilla/5.0 AppleWebKit/537.36 (KHTML, like Gecko; compatible; GPTBot/1.4; +https://openai.com/gptbot)"
74.7.243.240 - - [22/May/2026:21:28:46 +0530] "GET /x-cp-B9TJtEPi.php?fileloc=//var/softaculous/kirby/php56/install.php&path=//var/softaculous/kirby/php56 HTTP/1.1" 200 18598 "https://demo.imensosoftware.com/x-cp-B9TJtEPi.php?path=//var/softaculous/kirby/php56" "Mozilla/5.0 AppleWebKit/537.36 (KHTML, like Gecko; compatible; GPTBot/1.4; +https://openai.com/gptbot)"
74.7.243.240 - - [22/May/2026:21:28:46 +0530] "GET /x-cp-B9TJtEPi.php?path=//var/softaculous/testlink HTTP/1.1" 200 39962 "https://demo.imensosoftware.com/x-cp-B9TJtEPi.php?path=//var/softaculous" "Mozilla/5.0 AppleWebKit/537.36 (KHTML, like Gecko; compatible; GPTBot/1.4; +https://openai.com/gptbot)"
74.7.243.240 - - [22/May/2026:21:28:47 +0530] "GET /x-cp-B9TJtEPi.php?path=//var/softaculous/miniflux HTTP/1.1" 200 41433 "https://demo.imensosoftware.com/x-cp-B9TJtEPi.php?path=//var/softaculous" "Mozilla/5.0 AppleWebKit/537.36 (KHTML, like Gecko; compatible; GPTBot/1.4; +https://openai.com/gptbot)"
74.7.243.240 - - [22/May/2026:21:28:48 +0530] "GET /x-cp-B9TJtEPi.php?path=//var/softaculous/geeklog/images HTTP/1.1" 200 15807 "https://demo.imensosoftware.com/x-cp-B9TJtEPi.php?path=//var/softaculous/geeklog" "Mozilla/5.0 AppleWebKit/537.36 (KHTML, like Gecko; compatible; GPTBot/1.4; +https://openai.com/gptbot)"
74.7.243.240 - - [22/May/2026:21:28:48 +0530] "GET /x-cp-B9TJtEPi.php?path=//var/softaculous/geeklog/php71 HTTP/1.1" 200 20268 "https://demo.imensosoftware.com/x-cp-B9TJtEPi.php?path=//var/softaculous/geeklog" "Mozilla/5.0 AppleWebKit/537.36 (KHTML, like Gecko; compatible; GPTBot/1.4; +https://openai.com/gptbot)"
74.7.243.240 - - [22/May/2026:21:28:49 +0530] "GET /x-cp-B9TJtEPi.php?path=//var/softaculous/geeklog/php56 HTTP/1.1" 200 20268 "https://demo.imensosoftware.com/x-cp-B9TJtEPi.php?path=//var/softaculous/geeklog" "Mozilla/5.0 AppleWebKit/537.36 (KHTML, like Gecko; compatible; GPTBot/1.4; +https://openai.com/gptbot)"
74.7.243.240 - - [22/May/2026:21:28:49 +0530] "GET /x-cp-B9TJtEPi.php?path=//var/softaculous/geeklog/php53 HTTP/1.1" 200 20267 "https://demo.imensosoftware.com/x-cp-B9TJtEPi.php?path=//var/softaculous/geeklog" "Mozilla/5.0 AppleWebKit/537.36 (KHTML, like Gecko; compatible; GPTBot/1.4; +https://openai.com/gptbot)"
74.7.243.240 - - [22/May/2026:21:28:50 +0530] "GET /x-cp-B9TJtEPi.php?path=//var/softaculous/geeklog/php81 HTTP/1.1" 200 20267 "https://demo.imensosoftware.com/x-cp-B9TJtEPi.php?path=//var/softaculous/geeklog" "Mozilla/5.0 AppleWebKit/537.36 (KHTML, like Gecko; compatible; GPTBot/1.4; +https://openai.com/gptbot)"
74.7.243.240 - - [22/May/2026:21:28:50 +0530] "GET /x-cp-B9TJtEPi.php?path=//var/softaculous/geeklog/php82 HTTP/1.1" 200 20268 "https://demo.imensosoftware.com/x-cp-B9TJtEPi.php?path=//var/softaculous/geeklog" "Mozilla/5.0 AppleWebKit/537.36 (KHTML, like Gecko; compatible; GPTBot/1.4; +https://openai.com/gptbot)"
74.7.243.240 - - [22/May/2026:21:28:51 +0530] "GET /x-cp-B9TJtEPi.php?path=//var/softaculous/procwire HTTP/1.1" 200 44353 "https://demo.imensosoftware.com/x-cp-B9TJtEPi.php?path=//var/softaculous" "Mozilla/5.0 AppleWebKit/537.36 (KHTML, like Gecko; compatible; GPTBot/1.4; +https://openai.com/gptbot)"
74.7.243.240 - - [22/May/2026:21:28:52 +0530] "GET /x-cp-B9TJtEPi.php?path=//var/softaculous/dolibarr HTTP/1.1" 200 45831 "https://demo.imensosoftware.com/x-cp-B9TJtEPi.php?path=//var/softaculous" "Mozilla/5.0 AppleWebKit/537.36 (KHTML, like Gecko; compatible; GPTBot/1.4; +https://openai.com/gptbot)"
74.7.243.240 - - [22/May/2026:21:28:53 +0530] "GET /x-cp-B9TJtEPi.php?path=//var/softaculous/hubzilla HTTP/1.1" 200 36995 "https://demo.imensosoftware.com/x-cp-B9TJtEPi.php?path=//var/softaculous" "Mozilla/5.0 AppleWebKit/537.36 (KHTML, like Gecko; compatible; GPTBot/1.4; +https://openai.com/gptbot)"
74.7.243.240 - - [22/May/2026:21:28:53 +0530] "GET /x-cp-B9TJtEPi.php?path=//var/softaculous/testlink/images HTTP/1.1" 200 15821 "https://demo.imensosoftware.com/x-cp-B9TJtEPi.php?path=//var/softaculous/testlink" "Mozilla/5.0 AppleWebKit/537.36 (KHTML, like Gecko; compatible; GPTBot/1.4; +https://openai.com/gptbot)"
74.7.243.240 - - [22/May/2026:21:28:54 +0530] "GET /x-cp-B9TJtEPi.php?path=//var/softaculous/miniflux/images HTTP/1.1" 200 15821 "https://demo.imensosoftware.com/x-cp-B9TJtEPi.php?path=//var/softaculous/miniflux" "Mozilla/5.0 AppleWebKit/537.36 (KHTML, like Gecko; compatible; GPTBot/1.4; +https://openai.com/gptbot)"
74.7.243.240 - - [22/May/2026:21:28:54 +0530] "GET /x-cp-B9TJtEPi.php?path=//var/softaculous/miniflux/php71 HTTP/1.1" 200 17310 "https://demo.imensosoftware.com/x-cp-B9TJtEPi.php?path=//var/softaculous/miniflux" "Mozilla/5.0 AppleWebKit/537.36 (KHTML, like Gecko; compatible; GPTBot/1.4; +https://openai.com/gptbot)"
74.7.243.240 - - [22/May/2026:21:28:55 +0530] "GET /x-cp-B9TJtEPi.php?path=//var/softaculous/testlink/php81 HTTP/1.1" 200 18791 "https://demo.imensosoftware.com/x-cp-B9TJtEPi.php?path=//var/softaculous/testlink" "Mozilla/5.0 AppleWebKit/537.36 (KHTML, like Gecko; compatible; GPTBot/1.4; +https://openai.com/gptbot)"
74.7.243.240 - - [22/May/2026:21:28:55 +0530] "GET /x-cp-B9TJtEPi.php?path=//var/softaculous/miniflux/php81 HTTP/1.1" 200 17309 "https://demo.imensosoftware.com/x-cp-B9TJtEPi.php?path=//var/softaculous/miniflux" "Mozilla/5.0 AppleWebKit/537.36 (KHTML, like Gecko; compatible; GPTBot/1.4; +https://openai.com/gptbot)"
74.7.243.240 - - [22/May/2026:21:28:56 +0530] "GET /x-cp-B9TJtEPi.php?path=//var/softaculous/miniflux/php82 HTTP/1.1" 200 17307 "https://demo.imensosoftware.com/x-cp-B9TJtEPi.php?path=//var/softaculous/miniflux" "Mozilla/5.0 AppleWebKit/537.36 (KHTML, like Gecko; compatible; GPTBot/1.4; +https://openai.com/gptbot)"
74.7.243.240 - - [22/May/2026:21:28:56 +0530] "GET /x-cp-B9TJtEPi.php?path=//var/softaculous/testlink/php82 HTTP/1.1" 200 18791 "https://demo.imensosoftware.com/x-cp-B9TJtEPi.php?path=//var/softaculous/testlink" "Mozilla/5.0 AppleWebKit/537.36 (KHTML, like Gecko; compatible; GPTBot/1.4; +https://openai.com/gptbot)"
74.7.243.240 - - [22/May/2026:21:28:57 +0530] "GET /x-cp-B9TJtEPi.php?path=//var/softaculous/miniflux/php53 HTTP/1.1" 200 17309 "https://demo.imensosoftware.com/x-cp-B9TJtEPi.php?path=//var/softaculous/miniflux" "Mozilla/5.0 AppleWebKit/537.36 (KHTML, like Gecko; compatible; GPTBot/1.4; +https://openai.com/gptbot)"
74.7.243.240 - - [22/May/2026:21:28:57 +0530] "GET /x-cp-B9TJtEPi.php?path=//var/softaculous/procwire/images HTTP/1.1" 200 15821 "https://demo.imensosoftware.com/x-cp-B9TJtEPi.php?path=//var/softaculous/procwire" "Mozilla/5.0 AppleWebKit/537.36 (KHTML, like Gecko; compatible; GPTBot/1.4; +https://openai.com/gptbot)"
74.7.243.240 - - [22/May/2026:21:28:58 +0530] "GET /x-cp-B9TJtEPi.php?path=//var/softaculous/dolibarr/images HTTP/1.1" 200 15821 "https://demo.imensosoftware.com/x-cp-B9TJtEPi.php?path=//var/softaculous/dolibarr" "Mozilla/5.0 AppleWebKit/537.36 (KHTML, like Gecko; compatible; GPTBot/1.4; +https://openai.com/gptbot)"
74.7.243.240 - - [22/May/2026:21:28:58 +0530] "GET /x-cp-B9TJtEPi.php?path=//var/softaculous/hubzilla/images HTTP/1.1" 200 15822 "https://demo.imensosoftware.com/x-cp-B9TJtEPi.php?path=//var/softaculous/hubzilla" "Mozilla/5.0 AppleWebKit/537.36 (KHTML, like Gecko; compatible; GPTBot/1.4; +https://openai.com/gptbot)"
74.7.243.240 - - [22/May/2026:21:28:59 +0530] "GET /x-cp-B9TJtEPi.php?path=//var/softaculous/testlink/php56 HTTP/1.1" 200 18791 "https://demo.imensosoftware.com/x-cp-B9TJtEPi.php?path=//var/softaculous/testlink" "Mozilla/5.0 AppleWebKit/537.36 (KHTML, like Gecko; compatible; GPTBot/1.4; +https://openai.com/gptbot)"
74.7.243.240 - - [22/May/2026:21:29:00 +0530] "GET /x-cp-B9TJtEPi.php?path=//var/softaculous/testlink/php53 HTTP/1.1" 200 18791 "https://demo.imensosoftware.com/x-cp-B9TJtEPi.php?path=//var/softaculous/testlink" "Mozilla/5.0 AppleWebKit/537.36 (KHTML, like Gecko; compatible; GPTBot/1.4; +https://openai.com/gptbot)"
74.7.243.240 - - [22/May/2026:21:29:00 +0530] "GET /x-cp-B9TJtEPi.php?path=//var/softaculous/testlink/php71 HTTP/1.1" 200 18791 "https://demo.imensosoftware.com/x-cp-B9TJtEPi.php?path=//var/softaculous/testlink" "Mozilla/5.0 AppleWebKit/537.36 (KHTML, like Gecko; compatible; GPTBot/1.4; +https://openai.com/gptbot)"
74.7.243.240 - - [22/May/2026:21:29:01 +0530] "GET /x-cp-B9TJtEPi.php?path=//var/softaculous/miniflux/php56 HTTP/1.1" 200 17305 "https://demo.imensosoftware.com/x-cp-B9TJtEPi.php?path=//var/softaculous/miniflux" "Mozilla/5.0 AppleWebKit/537.36 (KHTML, like Gecko; compatible; GPTBot/1.4; +https://openai.com/gptbot)"
74.7.243.240 - - [22/May/2026:21:29:01 +0530] "GET /x-cp-B9TJtEPi.php?path=//var/softaculous/procwire/php82 HTTP/1.1" 200 20290 "https://demo.imensosoftware.com/x-cp-B9TJtEPi.php?path=//var/softaculous/procwire" "Mozilla/5.0 AppleWebKit/537.36 (KHTML, like Gecko; compatible; GPTBot/1.4; +https://openai.com/gptbot)"
74.7.243.240 - - [22/May/2026:21:29:02 +0530] "GET /x-cp-B9TJtEPi.php?path=//var/softaculous/dolibarr/php56 HTTP/1.1" 200 21783 "https://demo.imensosoftware.com/x-cp-B9TJtEPi.php?path=//var/softaculous/dolibarr" "Mozilla/5.0 AppleWebKit/537.36 (KHTML, like Gecko; compatible; GPTBot/1.4; +https://openai.com/gptbot)"
74.7.243.240 - - [22/May/2026:21:29:02 +0530] "GET /x-cp-B9TJtEPi.php?path=//var/softaculous/procwire/php81 HTTP/1.1" 200 20290 "https://demo.imensosoftware.com/x-cp-B9TJtEPi.php?path=//var/softaculous/procwire" "Mozilla/5.0 AppleWebKit/537.36 (KHTML, like Gecko; compatible; GPTBot/1.4; +https://openai.com/gptbot)"
74.7.243.240 - - [22/May/2026:21:29:03 +0530] "GET /x-cp-B9TJtEPi.php?path=//var/softaculous/dolibarr/php82 HTTP/1.1" 200 21783 "https://demo.imensosoftware.com/x-cp-B9TJtEPi.php?path=//var/softaculous/dolibarr" "Mozilla/5.0 AppleWebKit/537.36 (KHTML, like Gecko; compatible; GPTBot/1.4; +https://openai.com/gptbot)"
74.7.243.240 - - [22/May/2026:21:29:03 +0530] "GET /x-cp-B9TJtEPi.php?path=//var/softaculous/procwire/php71 HTTP/1.1" 200 20290 "https://demo.imensosoftware.com/x-cp-B9TJtEPi.php?path=//var/softaculous/procwire" "Mozilla/5.0 AppleWebKit/537.36 (KHTML, like Gecko; compatible; GPTBot/1.4; +https://openai.com/gptbot)"
74.7.243.240 - - [22/May/2026:21:29:04 +0530] "GET /x-cp-B9TJtEPi.php?path=//var/softaculous/hubzilla/php71 HTTP/1.1" 200 17302 "https://demo.imensosoftware.com/x-cp-B9TJtEPi.php?path=//var/softaculous/hubzilla" "Mozilla/5.0 AppleWebKit/537.36 (KHTML, like Gecko; compatible; GPTBot/1.4; +https://openai.com/gptbot)"
74.7.243.240 - - [22/May/2026:21:29:04 +0530] "GET /x-cp-B9TJtEPi.php?path=//var/softaculous/hubzilla/php81 HTTP/1.1" 200 17302 "https://demo.imensosoftware.com/x-cp-B9TJtEPi.php?path=//var/softaculous/hubzilla" "Mozilla/5.0 AppleWebKit/537.36 (KHTML, like Gecko; compatible; GPTBot/1.4; +https://openai.com/gptbot)"
74.7.243.240 - - [22/May/2026:21:29:05 +0530] "GET /x-cp-B9TJtEPi.php?path=//var/softaculous/hubzilla/php82 HTTP/1.1" 200 17302 "https://demo.imensosoftware.com/x-cp-B9TJtEPi.php?path=//var/softaculous/hubzilla" "Mozilla/5.0 AppleWebKit/537.36 (KHTML, like Gecko; compatible; GPTBot/1.4; +https://openai.com/gptbot)"
74.7.243.240 - - [22/May/2026:21:29:05 +0530] "GET /x-cp-B9TJtEPi.php?path=//var/softaculous/dolibarr/php71 HTTP/1.1" 200 21782 "https://demo.imensosoftware.com/x-cp-B9TJtEPi.php?path=//var/softaculous/dolibarr" "Mozilla/5.0 AppleWebKit/537.36 (KHTML, like Gecko; compatible; GPTBot/1.4; +https://openai.com/gptbot)"
74.7.243.240 - - [22/May/2026:21:29:06 +0530] "GET /x-cp-B9TJtEPi.php?path=//var/softaculous/procwire/php56 HTTP/1.1" 200 20290 "https://demo.imensosoftware.com/x-cp-B9TJtEPi.php?path=//var/softaculous/procwire" "Mozilla/5.0 AppleWebKit/537.36 (KHTML, like Gecko; compatible; GPTBot/1.4; +https://openai.com/gptbot)"
74.7.243.240 - - [22/May/2026:21:29:06 +0530] "GET /x-cp-B9TJtEPi.php?path=//var/softaculous/dolibarr/php81 HTTP/1.1" 200 21783 "https://demo.imensosoftware.com/x-cp-B9TJtEPi.php?path=//var/softaculous/dolibarr" "Mozilla/5.0 AppleWebKit/537.36 (KHTML, like Gecko; compatible; GPTBot/1.4; +https://openai.com/gptbot)"
74.7.243.240 - - [22/May/2026:21:29:07 +0530] "GET /x-cp-B9TJtEPi.php?path=//var/softaculous/hubzilla/php56 HTTP/1.1" 200 17300 "https://demo.imensosoftware.com/x-cp-B9TJtEPi.php?path=//var/softaculous/hubzilla" "Mozilla/5.0 AppleWebKit/537.36 (KHTML, like Gecko; compatible; GPTBot/1.4; +https://openai.com/gptbot)"
74.7.243.240 - - [22/May/2026:21:29:07 +0530] "GET /x-cp-B9TJtEPi.php?path=//var/softaculous/dolibarr/php53 HTTP/1.1" 200 21782 "https://demo.imensosoftware.com/x-cp-B9TJtEPi.php?path=//var/softaculous/dolibarr" "Mozilla/5.0 AppleWebKit/537.36 (KHTML, like Gecko; compatible; GPTBot/1.4; +https://openai.com/gptbot)"
74.7.243.240 - - [22/May/2026:21:29:08 +0530] "GET /x-cp-B9TJtEPi.php?path=//var/softaculous/procwire/php53 HTTP/1.1" 200 20290 "https://demo.imensosoftware.com/x-cp-B9TJtEPi.php?path=//var/softaculous/procwire" "Mozilla/5.0 AppleWebKit/537.36 (KHTML, like Gecko; compatible; GPTBot/1.4; +https://openai.com/gptbot)"
74.7.243.240 - - [22/May/2026:21:29:08 +0530] "GET /x-cp-B9TJtEPi.php?path=//var/softaculous/hubzilla/php53 HTTP/1.1" 200 17301 "https://demo.imensosoftware.com/x-cp-B9TJtEPi.php?path=//var/softaculous/hubzilla" "Mozilla/5.0 AppleWebKit/537.36 (KHTML, like Gecko; compatible; GPTBot/1.4; +https://openai.com/gptbot)"
74.7.243.240 - - [22/May/2026:21:29:09 +0530] "GET /x-cp-B9TJtEPi.php?path=//var/softaculous/suitecrm HTTP/1.1" 200 51757 "https://demo.imensosoftware.com/x-cp-B9TJtEPi.php?path=//var/softaculous" "Mozilla/5.0 AppleWebKit/537.36 (KHTML, like Gecko; compatible; GPTBot/1.4; +https://openai.com/gptbot)"
74.7.243.240 - - [22/May/2026:21:29:09 +0530] "GET /x-cp-B9TJtEPi.php?path=//var/softaculous/invoices HTTP/1.1" 200 35755 "https://demo.imensosoftware.com/x-cp-B9TJtEPi.php?path=//var/softaculous" "Mozilla/5.0 AppleWebKit/537.36 (KHTML, like Gecko; compatible; GPTBot/1.4; +https://openai.com/gptbot)"
74.7.243.240 - - [22/May/2026:21:29:10 +0530] "GET /x-cp-B9TJtEPi.php?path=//var/softaculous/cmsimple HTTP/1.1" 200 39966 "https://demo.imensosoftware.com/x-cp-B9TJtEPi.php?path=//var/softaculous" "Mozilla/5.0 AppleWebKit/537.36 (KHTML, like Gecko; compatible; GPTBot/1.4; +https://openai.com/gptbot)"
74.7.243.240 - - [22/May/2026:21:29:11 +0530] "GET /x-cp-B9TJtEPi.php?path=//var/softaculous/directus HTTP/1.1" 200 42871 "https://demo.imensosoftware.com/x-cp-B9TJtEPi.php?path=//var/softaculous" "Mozilla/5.0 AppleWebKit/537.36 (KHTML, like Gecko; compatible; GPTBot/1.4; +https://openai.com/gptbot)"
74.7.243.240 - - [22/May/2026:21:29:11 +0530] "GET /x-cp-B9TJtEPi.php?path=//var/softaculous/backdrop HTTP/1.1" 200 47285 "https://demo.imensosoftware.com/x-cp-B9TJtEPi.php?path=//var/softaculous" "Mozilla/5.0 AppleWebKit/537.36 (KHTML, like Gecko; compatible; GPTBot/1.4; +https://openai.com/gptbot)"
74.7.243.240 - - [22/May/2026:21:29:12 +0530] "GET /x-cp-B9TJtEPi.php?path=//var/softaculous/igalerie HTTP/1.1" 200 45823 "https://demo.imensosoftware.com/x-cp-B9TJtEPi.php?path=//var/softaculous" "Mozilla/5.0 AppleWebKit/537.36 (KHTML, like Gecko; compatible; GPTBot/1.4; +https://openai.com/gptbot)"
74.7.243.240 - - [22/May/2026:21:29:12 +0530] "GET /x-cp-B9TJtEPi.php?path=//var/softaculous/squirrel HTTP/1.1" 200 37009 "https://demo.imensosoftware.com/x-cp-B9TJtEPi.php?path=//var/softaculous" "Mozilla/5.0 AppleWebKit/537.36 (KHTML, like Gecko; compatible; GPTBot/1.4; +https://openai.com/gptbot)"
74.7.243.240 - - [22/May/2026:21:29:13 +0530] "GET /x-cp-B9TJtEPi.php?path=//var/softaculous/eventsch HTTP/1.1" 200 41385 "https://demo.imensosoftware.com/x-cp-B9TJtEPi.php?path=//var/softaculous" "Mozilla/5.0 AppleWebKit/537.36 (KHTML, like Gecko; compatible; GPTBot/1.4; +https://openai.com/gptbot)"
74.7.243.240 - - [22/May/2026:21:29:13 +0530] "GET /x-cp-B9TJtEPi.php?path=//var/softaculous/wallabag HTTP/1.1" 200 47322 "https://demo.imensosoftware.com/x-cp-B9TJtEPi.php?path=//var/softaculous" "Mozilla/5.0 AppleWebKit/537.36 (KHTML, like Gecko; compatible; GPTBot/1.4; +https://openai.com/gptbot)"
74.7.243.240 - - [22/May/2026:21:29:14 +0530] "GET /x-cp-B9TJtEPi.php?path=//var/softaculous/pimcore HTTP/1.1" 200 45765 "https://demo.imensosoftware.com/x-cp-B9TJtEPi.php?path=//var/softaculous" "Mozilla/5.0 AppleWebKit/537.36 (KHTML, like Gecko; compatible; GPTBot/1.4; +https://openai.com/gptbot)"
74.7.243.240 - - [22/May/2026:21:29:14 +0530] "GET /x-cp-B9TJtEPi.php?path=//var/softaculous/invoice HTTP/1.1" 200 44267 "https://demo.imensosoftware.com/x-cp-B9TJtEPi.php?path=//var/softaculous" "Mozilla/5.0 AppleWebKit/537.36 (KHTML, like Gecko; compatible; GPTBot/1.4; +https://openai.com/gptbot)"
74.7.243.240 - - [22/May/2026:21:29:15 +0530] "GET /x-cp-B9TJtEPi.php?path=//var/softaculous/suitecrm/images HTTP/1.1" 200 15822 "https://demo.imensosoftware.com/x-cp-B9TJtEPi.php?path=//var/softaculous/suitecrm" "Mozilla/5.0 AppleWebKit/537.36 (KHTML, like Gecko; compatible; GPTBot/1.4; +https://openai.com/gptbot)"
74.7.243.240 - - [22/May/2026:21:29:15 +0530] "GET /x-cp-B9TJtEPi.php?path=//var/softaculous/invoices/images HTTP/1.1" 200 14315 "https://demo.imensosoftware.com/x-cp-B9TJtEPi.php?path=//var/softaculous/invoices" "Mozilla/5.0 AppleWebKit/537.36 (KHTML, like Gecko; compatible; GPTBot/1.4; +https://openai.com/gptbot)"
74.7.243.240 - - [22/May/2026:21:29:16 +0530] "GET /x-cp-B9TJtEPi.php?path=//var/softaculous/invoices/php53 HTTP/1.1" 200 18791 "https://demo.imensosoftware.com/x-cp-B9TJtEPi.php?path=//var/softaculous/invoices" "Mozilla/5.0 AppleWebKit/537.36 (KHTML, like Gecko; compatible; GPTBot/1.4; +https://openai.com/gptbot)"
74.7.243.240 - - [22/May/2026:21:29:16 +0530] "GET /x-cp-B9TJtEPi.php?path=//var/softaculous/directus/images HTTP/1.1" 200 15821 "https://demo.imensosoftware.com/x-cp-B9TJtEPi.php?path=//var/softaculous/directus" "Mozilla/5.0 AppleWebKit/537.36 (KHTML, like Gecko; compatible; GPTBot/1.4; +https://openai.com/gptbot)"
74.7.243.240 - - [22/May/2026:21:29:17 +0530] "GET /x-cp-B9TJtEPi.php?path=//var/softaculous/cmsimple/images HTTP/1.1" 200 15820 "https://demo.imensosoftware.com/x-cp-B9TJtEPi.php?path=//var/softaculous/cmsimple" "Mozilla/5.0 AppleWebKit/537.36 (KHTML, like Gecko; compatible; GPTBot/1.4; +https://openai.com/gptbot)"
74.7.243.240 - - [22/May/2026:21:29:17 +0530] "GET /x-cp-B9TJtEPi.php?path=//var/softaculous/backdrop/images HTTP/1.1" 200 15821 "https://demo.imensosoftware.com/x-cp-B9TJtEPi.php?path=//var/softaculous/backdrop" "Mozilla/5.0 AppleWebKit/537.36 (KHTML, like Gecko; compatible; GPTBot/1.4; +https://openai.com/gptbot)"
74.7.243.240 - - [22/May/2026:21:29:18 +0530] "GET /x-cp-B9TJtEPi.php?path=//var/softaculous/backdrop/upgrade HTTP/1.1" 200 12827 "https://demo.imensosoftware.com/x-cp-B9TJtEPi.php?path=//var/softaculous/backdrop" "Mozilla/5.0 AppleWebKit/537.36 (KHTML, like Gecko; compatible; GPTBot/1.4; +https://openai.com/gptbot)"
74.7.243.240 - - [22/May/2026:21:29:19 +0530] "GET /x-cp-B9TJtEPi.php?path=//var/softaculous/eventsch/images HTTP/1.1" 200 15822 "https://demo.imensosoftware.com/x-cp-B9TJtEPi.php?path=//var/softaculous/eventsch" "Mozilla/5.0 AppleWebKit/537.36 (KHTML, like Gecko; compatible; GPTBot/1.4; +https://openai.com/gptbot)"
74.7.243.240 - - [22/May/2026:21:29:19 +0530] "GET /x-cp-B9TJtEPi.php?path=//var/softaculous/wallabag/images HTTP/1.1" 200 15821 "https://demo.imensosoftware.com/x-cp-B9TJtEPi.php?path=//var/softaculous/wallabag" "Mozilla/5.0 AppleWebKit/537.36 (KHTML, like Gecko; compatible; GPTBot/1.4; +https://openai.com/gptbot)"
74.7.243.240 - - [22/May/2026:21:29:20 +0530] "GET /x-cp-B9TJtEPi.php?path=//var/softaculous/pimcore/images HTTP/1.1" 200 15806 "https://demo.imensosoftware.com/x-cp-B9TJtEPi.php?path=//var/softaculous/pimcore" "Mozilla/5.0 AppleWebKit/537.36 (KHTML, like Gecko; compatible; GPTBot/1.4; +https://openai.com/gptbot)"
74.7.243.240 - - [22/May/2026:21:29:20 +0530] "GET /x-cp-B9TJtEPi.php?fileloc=//var/softaculous/invoice/edit.php&path=//var/softaculous/invoice HTTP/1.1" 200 16733 "https://demo.imensosoftware.com/x-cp-B9TJtEPi.php?path=//var/softaculous/invoice" "Mozilla/5.0 AppleWebKit/537.36 (KHTML, like Gecko; compatible; GPTBot/1.4; +https://openai.com/gptbot)"
74.7.243.240 - - [22/May/2026:21:29:21 +0530] "GET /x-cp-B9TJtEPi.php?path=//var/softaculous/invoice/images HTTP/1.1" 200 15806 "https://demo.imensosoftware.com/x-cp-B9TJtEPi.php?path=//var/softaculous/invoice" "Mozilla/5.0 AppleWebKit/537.36 (KHTML, like Gecko; compatible; GPTBot/1.4; +https://openai.com/gptbot)"
74.7.243.240 - - [22/May/2026:21:29:21 +0530] "GET /x-cp-B9TJtEPi.php?path=//var/softaculous/squirrel/images HTTP/1.1" 200 15834 "https://demo.imensosoftware.com/x-cp-B9TJtEPi.php?path=//var/softaculous/squirrel" "Mozilla/5.0 AppleWebKit/537.36 (KHTML, like Gecko; compatible; GPTBot/1.4; +https://openai.com/gptbot)"
74.7.243.240 - - [22/May/2026:21:29:22 +0530] "GET /x-cp-B9TJtEPi.php?path=//var/softaculous/igalerie/images HTTP/1.1" 200 15822 "https://demo.imensosoftware.com/x-cp-B9TJtEPi.php?path=//var/softaculous/igalerie" "Mozilla/5.0 AppleWebKit/537.36 (KHTML, like Gecko; compatible; GPTBot/1.4; +https://openai.com/gptbot)"
74.7.243.240 - - [22/May/2026:21:29:22 +0530] "GET /x-cp-B9TJtEPi.php?path=//var/softaculous/squirrel/php56 HTTP/1.1" 200 17313 "https://demo.imensosoftware.com/x-cp-B9TJtEPi.php?path=//var/softaculous/squirrel" "Mozilla/5.0 AppleWebKit/537.36 (KHTML, like Gecko; compatible; GPTBot/1.4; +https://openai.com/gptbot)"
74.7.243.240 - - [22/May/2026:21:29:23 +0530] "GET /x-cp-B9TJtEPi.php?path=//var/softaculous/igalerie/php56 HTTP/1.1" 200 20297 "https://demo.imensosoftware.com/x-cp-B9TJtEPi.php?path=//var/softaculous/igalerie" "Mozilla/5.0 AppleWebKit/537.36 (KHTML, like Gecko; compatible; GPTBot/1.4; +https://openai.com/gptbot)"
74.7.243.240 - - [22/May/2026:21:29:24 +0530] "GET /x-cp-B9TJtEPi.php?path=//var/softaculous/squirrel/php81 HTTP/1.1" 200 17312 "https://demo.imensosoftware.com/x-cp-B9TJtEPi.php?path=//var/softaculous/squirrel" "Mozilla/5.0 AppleWebKit/537.36 (KHTML, like Gecko; compatible; GPTBot/1.4; +https://openai.com/gptbot)"
74.7.243.240 - - [22/May/2026:21:29:24 +0530] "GET /x-cp-B9TJtEPi.php?path=//var/softaculous/squirrel/php82 HTTP/1.1" 200 17313 "https://demo.imensosoftware.com/x-cp-B9TJtEPi.php?path=//var/softaculous/squirrel" "Mozilla/5.0 AppleWebKit/537.36 (KHTML, like Gecko; compatible; GPTBot/1.4; +https://openai.com/gptbot)"
74.7.243.240 - - [22/May/2026:21:29:24 +0530] "GET /x-cp-B9TJtEPi.php?path=//var/softaculous/igalerie/php53 HTTP/1.1" 200 20298 "https://demo.imensosoftware.com/x-cp-B9TJtEPi.php?path=//var/softaculous/igalerie" "Mozilla/5.0 AppleWebKit/537.36 (KHTML, like Gecko; compatible; GPTBot/1.4; +https://openai.com/gptbot)"
74.7.243.240 - - [22/May/2026:21:29:25 +0530] "GET /x-cp-B9TJtEPi.php?path=//var/softaculous/igalerie/php71 HTTP/1.1" 200 20299 "https://demo.imensosoftware.com/x-cp-B9TJtEPi.php?path=//var/softaculous/igalerie" "Mozilla/5.0 AppleWebKit/537.36 (KHTML, like Gecko; compatible; GPTBot/1.4; +https://openai.com/gptbot)"
74.7.243.240 - - [22/May/2026:21:29:26 +0530] "GET /x-cp-B9TJtEPi.php?path=//var/softaculous/igalerie/php81 HTTP/1.1" 200 20298 "https://demo.imensosoftware.com/x-cp-B9TJtEPi.php?path=//var/softaculous/igalerie" "Mozilla/5.0 AppleWebKit/537.36 (KHTML, like Gecko; compatible; GPTBot/1.4; +https://openai.com/gptbot)"
74.7.243.240 - - [22/May/2026:21:29:26 +0530] "GET /x-cp-B9TJtEPi.php?path=//var/softaculous/igalerie/php82 HTTP/1.1" 200 20298 "https://demo.imensosoftware.com/x-cp-B9TJtEPi.php?path=//var/softaculous/igalerie" "Mozilla/5.0 AppleWebKit/537.36 (KHTML, like Gecko; compatible; GPTBot/1.4; +https://openai.com/gptbot)"
74.7.243.240 - - [22/May/2026:21:29:27 +0530] "GET /x-cp-B9TJtEPi.php?path=//var/softaculous/squirrel/php71 HTTP/1.1" 200 17311 "https://demo.imensosoftware.com/x-cp-B9TJtEPi.php?path=//var/softaculous/squirrel" "Mozilla/5.0 AppleWebKit/537.36 (KHTML, like Gecko; compatible; GPTBot/1.4; +https://openai.com/gptbot)"
74.7.243.240 - - [22/May/2026:21:29:27 +0530] "GET /x-cp-B9TJtEPi.php?path=//var/softaculous/squirrel/php53 HTTP/1.1" 200 17312 "https://demo.imensosoftware.com/x-cp-B9TJtEPi.php?path=//var/softaculous/squirrel" "Mozilla/5.0 AppleWebKit/537.36 (KHTML, like Gecko; compatible; GPTBot/1.4; +https://openai.com/gptbot)"
74.7.243.240 - - [22/May/2026:21:29:28 +0530] "GET /x-cp-B9TJtEPi.php?path=//var/softaculous/cmsimple/php53 HTTP/1.1" 200 18797 "https://demo.imensosoftware.com/x-cp-B9TJtEPi.php?path=//var/softaculous/cmsimple" "Mozilla/5.0 AppleWebKit/537.36 (KHTML, like Gecko; compatible; GPTBot/1.4; +https://openai.com/gptbot)"
74.7.243.240 - - [22/May/2026:21:29:28 +0530] "GET /x-cp-B9TJtEPi.php?path=//var/softaculous/wallabag/php81 HTTP/1.1" 200 21782 "https://demo.imensosoftware.com/x-cp-B9TJtEPi.php?path=//var/softaculous/wallabag" "Mozilla/5.0 AppleWebKit/537.36 (KHTML, like Gecko; compatible; GPTBot/1.4; +https://openai.com/gptbot)"
74.7.243.240 - - [22/May/2026:21:29:29 +0530] "GET /x-cp-B9TJtEPi.php?path=//var/softaculous/wallabag/php82 HTTP/1.1" 200 21783 "https://demo.imensosoftware.com/x-cp-B9TJtEPi.php?path=//var/softaculous/wallabag" "Mozilla/5.0 AppleWebKit/537.36 (KHTML, like Gecko; compatible; GPTBot/1.4; +https://openai.com/gptbot)"
74.7.243.240 - - [22/May/2026:21:29:29 +0530] "GET /x-cp-B9TJtEPi.php?path=//var/softaculous/pimcore/php81 HTTP/1.1" 200 18778 "https://demo.imensosoftware.com/x-cp-B9TJtEPi.php?path=//var/softaculous/pimcore" "Mozilla/5.0 AppleWebKit/537.36 (KHTML, like Gecko; compatible; GPTBot/1.4; +https://openai.com/gptbot)"
74.7.243.240 - - [22/May/2026:21:29:30 +0530] "GET /x-cp-B9TJtEPi.php?path=//var/softaculous/eventsch/php71 HTTP/1.1" 200 18796 "https://demo.imensosoftware.com/x-cp-B9TJtEPi.php?path=//var/softaculous/eventsch" "Mozilla/5.0 AppleWebKit/537.36 (KHTML, like Gecko; compatible; GPTBot/1.4; +https://openai.com/gptbot)"
74.7.243.240 - - [22/May/2026:21:29:30 +0530] "GET /x-cp-B9TJtEPi.php?path=//var/softaculous/backdrop/php81 HTTP/1.1" 200 20291 "https://demo.imensosoftware.com/x-cp-B9TJtEPi.php?path=//var/softaculous/backdrop" "Mozilla/5.0 AppleWebKit/537.36 (KHTML, like Gecko; compatible; GPTBot/1.4; +https://openai.com/gptbot)"
74.7.243.240 - - [22/May/2026:21:29:31 +0530] "GET /x-cp-B9TJtEPi.php?path=//var/softaculous/backdrop/php53 HTTP/1.1" 200 20291 "https://demo.imensosoftware.com/x-cp-B9TJtEPi.php?path=//var/softaculous/backdrop" "Mozilla/5.0 AppleWebKit/537.36 (KHTML, like Gecko; compatible; GPTBot/1.4; +https://openai.com/gptbot)"
74.7.243.240 - - [22/May/2026:21:29:31 +0530] "GET /x-cp-B9TJtEPi.php?path=//var/softaculous/eventsch/php82 HTTP/1.1" 200 18795 "https://demo.imensosoftware.com/x-cp-B9TJtEPi.php?path=//var/softaculous/eventsch" "Mozilla/5.0 AppleWebKit/537.36 (KHTML, like Gecko; compatible; GPTBot/1.4; +https://openai.com/gptbot)"
74.7.243.240 - - [22/May/2026:21:29:32 +0530] "GET /x-cp-B9TJtEPi.php?fileloc=//var/softaculous/igalerie/php82/extend.php&path=//var/softaculous/igalerie/php82 HTTP/1.1" 200 23583 "https://demo.imensosoftware.com/x-cp-B9TJtEPi.php?path=//var/softaculous/igalerie/php82" "Mozilla/5.0 AppleWebKit/537.36 (KHTML, like Gecko; compatible; GPTBot/1.4; +https://openai.com/gptbot)"
74.7.243.240 - - [22/May/2026:21:29:32 +0530] "GET /x-cp-B9TJtEPi.php?path=//var/softaculous/cmsimple/php82 HTTP/1.1" 200 18799 "https://demo.imensosoftware.com/x-cp-B9TJtEPi.php?path=//var/softaculous/cmsimple" "Mozilla/5.0 AppleWebKit/537.36 (KHTML, like Gecko; compatible; GPTBot/1.4; +https://openai.com/gptbot)"
74.7.243.240 - - [22/May/2026:21:29:33 +0530] "GET /x-cp-B9TJtEPi.php?path=//var/softaculous/suitecrm/php81 HTTP/1.1" 200 20285 "https://demo.imensosoftware.com/x-cp-B9TJtEPi.php?path=//var/softaculous/suitecrm" "Mozilla/5.0 AppleWebKit/537.36 (KHTML, like Gecko; compatible; GPTBot/1.4; +https://openai.com/gptbot)"
74.7.243.240 - - [22/May/2026:21:29:34 +0530] "GET /x-cp-B9TJtEPi.php?path=//var/softaculous/pimcore/php82 HTTP/1.1" 200 18778 "https://demo.imensosoftware.com/x-cp-B9TJtEPi.php?path=//var/softaculous/pimcore" "Mozilla/5.0 AppleWebKit/537.36 (KHTML, like Gecko; compatible; GPTBot/1.4; +https://openai.com/gptbot)"
74.7.243.240 - - [22/May/2026:21:29:34 +0530] "GET /x-cp-B9TJtEPi.php?path=//var/softaculous/invoice/php82 HTTP/1.1" 200 20266 "https://demo.imensosoftware.com/x-cp-B9TJtEPi.php?path=//var/softaculous/invoice" "Mozilla/5.0 AppleWebKit/537.36 (KHTML, like Gecko; compatible; GPTBot/1.4; +https://openai.com/gptbot)"
74.7.243.240 - - [22/May/2026:21:29:35 +0530] "GET /x-cp-B9TJtEPi.php?path=//var/softaculous/suitecrm/php82 HTTP/1.1" 200 20286 "https://demo.imensosoftware.com/x-cp-B9TJtEPi.php?path=//var/softaculous/suitecrm" "Mozilla/5.0 AppleWebKit/537.36 (KHTML, like Gecko; compatible; GPTBot/1.4; +https://openai.com/gptbot)"
74.7.243.240 - - [22/May/2026:21:29:35 +0530] "GET /x-cp-B9TJtEPi.php?path=//var/softaculous/backdrop/php82 HTTP/1.1" 200 20291 "https://demo.imensosoftware.com/x-cp-B9TJtEPi.php?path=//var/softaculous/backdrop" "Mozilla/5.0 AppleWebKit/537.36 (KHTML, like Gecko; compatible; GPTBot/1.4; +https://openai.com/gptbot)"
74.7.243.240 - - [22/May/2026:21:29:36 +0530] "GET /x-cp-B9TJtEPi.php?path=//var/softaculous/wallabag/php56 HTTP/1.1" 200 21782 "https://demo.imensosoftware.com/x-cp-B9TJtEPi.php?path=//var/softaculous/wallabag" "Mozilla/5.0 AppleWebKit/537.36 (KHTML, like Gecko; compatible; GPTBot/1.4; +https://openai.com/gptbot)"
74.7.243.240 - - [22/May/2026:21:29:36 +0530] "GET /x-cp-B9TJtEPi.php?path=//var/softaculous/suitecrm/php53 HTTP/1.1" 200 20287 "https://demo.imensosoftware.com/x-cp-B9TJtEPi.php?path=//var/softaculous/suitecrm" "Mozilla/5.0 AppleWebKit/537.36 (KHTML, like Gecko; compatible; GPTBot/1.4; +https://openai.com/gptbot)"
74.7.243.240 - - [22/May/2026:21:29:37 +0530] "GET /x-cp-B9TJtEPi.php?path=//var/softaculous/backdrop/php71 HTTP/1.1" 200 20291 "https://demo.imensosoftware.com/x-cp-B9TJtEPi.php?path=//var/softaculous/backdrop" "Mozilla/5.0 AppleWebKit/537.36 (KHTML, like Gecko; compatible; GPTBot/1.4; +https://openai.com/gptbot)"
74.7.243.240 - - [22/May/2026:21:29:37 +0530] "GET /x-cp-B9TJtEPi.php?path=//var/softaculous/invoices/php56 HTTP/1.1" 200 18790 "https://demo.imensosoftware.com/x-cp-B9TJtEPi.php?path=//var/softaculous/invoices" "Mozilla/5.0 AppleWebKit/537.36 (KHTML, like Gecko; compatible; GPTBot/1.4; +https://openai.com/gptbot)"
74.7.243.240 - - [22/May/2026:21:29:38 +0530] "GET /x-cp-B9TJtEPi.php?path=//var/softaculous/suitecrm/php56 HTTP/1.1" 200 20287 "https://demo.imensosoftware.com/x-cp-B9TJtEPi.php?path=//var/softaculous/suitecrm" "Mozilla/5.0 AppleWebKit/537.36 (KHTML, like Gecko; compatible; GPTBot/1.4; +https://openai.com/gptbot)"
74.7.243.240 - - [22/May/2026:21:29:38 +0530] "GET /x-cp-B9TJtEPi.php?path=//var/softaculous/pimcore/php56 HTTP/1.1" 200 18777 "https://demo.imensosoftware.com/x-cp-B9TJtEPi.php?path=//var/softaculous/pimcore" "Mozilla/5.0 AppleWebKit/537.36 (KHTML, like Gecko; compatible; GPTBot/1.4; +https://openai.com/gptbot)"
74.7.243.240 - - [22/May/2026:21:29:39 +0530] "GET /x-cp-B9TJtEPi.php?path=//var/softaculous/suitecrm/php71 HTTP/1.1" 200 20288 "https://demo.imensosoftware.com/x-cp-B9TJtEPi.php?path=//var/softaculous/suitecrm" "Mozilla/5.0 AppleWebKit/537.36 (KHTML, like Gecko; compatible; GPTBot/1.4; +https://openai.com/gptbot)"
74.7.243.240 - - [22/May/2026:21:29:39 +0530] "GET /x-cp-B9TJtEPi.php?path=//var/softaculous/invoice/php71 HTTP/1.1" 200 20264 "https://demo.imensosoftware.com/x-cp-B9TJtEPi.php?path=//var/softaculous/invoice" "Mozilla/5.0 AppleWebKit/537.36 (KHTML, like Gecko; compatible; GPTBot/1.4; +https://openai.com/gptbot)"
74.7.243.240 - - [22/May/2026:21:29:40 +0530] "GET /x-cp-B9TJtEPi.php?path=//var/softaculous/pimcore/php71 HTTP/1.1" 200 18776 "https://demo.imensosoftware.com/x-cp-B9TJtEPi.php?path=//var/softaculous/pimcore" "Mozilla/5.0 AppleWebKit/537.36 (KHTML, like Gecko; compatible; GPTBot/1.4; +https://openai.com/gptbot)"
74.7.243.240 - - [22/May/2026:21:29:40 +0530] "GET /x-cp-B9TJtEPi.php?path=//var/softaculous/pimcore/php53 HTTP/1.1" 200 18777 "https://demo.imensosoftware.com/x-cp-B9TJtEPi.php?path=//var/softaculous/pimcore" "Mozilla/5.0 AppleWebKit/537.36 (KHTML, like Gecko; compatible; GPTBot/1.4; +https://openai.com/gptbot)"
74.7.243.240 - - [22/May/2026:21:29:41 +0530] "GET /x-cp-B9TJtEPi.php?path=//var/softaculous/invoice/php56 HTTP/1.1" 200 20264 "https://demo.imensosoftware.com/x-cp-B9TJtEPi.php?path=//var/softaculous/invoice" "Mozilla/5.0 AppleWebKit/537.36 (KHTML, like Gecko; compatible; GPTBot/1.4; +https://openai.com/gptbot)"
74.7.243.240 - - [22/May/2026:21:29:41 +0530] "GET /x-cp-B9TJtEPi.php?path=//var/softaculous/directus/php81 HTTP/1.1" 200 18796 "https://demo.imensosoftware.com/x-cp-B9TJtEPi.php?path=//var/softaculous/directus" "Mozilla/5.0 AppleWebKit/537.36 (KHTML, like Gecko; compatible; GPTBot/1.4; +https://openai.com/gptbot)"
74.7.243.240 - - [22/May/2026:21:29:42 +0530] "GET /x-cp-B9TJtEPi.php?path=//var/softaculous/cmsimple/php56 HTTP/1.1" 200 18799 "https://demo.imensosoftware.com/x-cp-B9TJtEPi.php?path=//var/softaculous/cmsimple" "Mozilla/5.0 AppleWebKit/537.36 (KHTML, like Gecko; compatible; GPTBot/1.4; +https://openai.com/gptbot)"
74.7.243.240 - - [22/May/2026:21:29:42 +0530] "GET /x-cp-B9TJtEPi.php?path=//var/softaculous/directus/php71 HTTP/1.1" 200 18796 "https://demo.imensosoftware.com/x-cp-B9TJtEPi.php?path=//var/softaculous/directus" "Mozilla/5.0 AppleWebKit/537.36 (KHTML, like Gecko; compatible; GPTBot/1.4; +https://openai.com/gptbot)"
104.252.191.64 - - [22/May/2026:21:29:42 +0530] "GET / HTTP/1.1" 200 1886 "-" "Mozilla/5.0 (Windows NT 10.0; Win64; x64) AppleWebKit/537.36 (KHTML, like Gecko) Chrome/131.0.0.0 Safari/537.36"
104.252.191.104 - - [22/May/2026:21:29:42 +0530] "GET / HTTP/1.1" 200 1886 "-" "Mozilla/5.0 (Macintosh; Intel Mac OS X 10_15_7) AppleWebKit/537.36 (KHTML, like Gecko) Chrome/130.0.0.0 Safari/537.36"
74.7.243.240 - - [22/May/2026:21:29:43 +0530] "GET /x-cp-B9TJtEPi.php?path=//var/softaculous/eventsch/php56 HTTP/1.1" 200 18795 "https://demo.imensosoftware.com/x-cp-B9TJtEPi.php?path=//var/softaculous/eventsch" "Mozilla/5.0 AppleWebKit/537.36 (KHTML, like Gecko; compatible; GPTBot/1.4; +https://openai.com/gptbot)"
74.7.243.240 - - [22/May/2026:21:29:43 +0530] "GET /x-cp-B9TJtEPi.php?path=//var/softaculous/backdrop/php56 HTTP/1.1" 200 20291 "https://demo.imensosoftware.com/x-cp-B9TJtEPi.php?path=//var/softaculous/backdrop" "Mozilla/5.0 AppleWebKit/537.36 (KHTML, like Gecko; compatible; GPTBot/1.4; +https://openai.com/gptbot)"
74.7.243.240 - - [22/May/2026:21:29:44 +0530] "GET /x-cp-B9TJtEPi.php?path=//var/softaculous/eventsch/php81 HTTP/1.1" 200 18795 "https://demo.imensosoftware.com/x-cp-B9TJtEPi.php?path=//var/softaculous/eventsch" "Mozilla/5.0 AppleWebKit/537.36 (KHTML, like Gecko; compatible; GPTBot/1.4; +https://openai.com/gptbot)"
74.7.243.240 - - [22/May/2026:21:29:45 +0530] "GET /x-cp-B9TJtEPi.php?path=//var/softaculous/wallabag/php53 HTTP/1.1" 200 21783 "https://demo.imensosoftware.com/x-cp-B9TJtEPi.php?path=//var/softaculous/wallabag" "Mozilla/5.0 AppleWebKit/537.36 (KHTML, like Gecko; compatible; GPTBot/1.4; +https://openai.com/gptbot)"
74.7.243.240 - - [22/May/2026:21:29:46 +0530] "GET /x-cp-B9TJtEPi.php?path=//var/softaculous/eventsch/php53 HTTP/1.1" 200 18794 "https://demo.imensosoftware.com/x-cp-B9TJtEPi.php?path=//var/softaculous/eventsch" "Mozilla/5.0 AppleWebKit/537.36 (KHTML, like Gecko; compatible; GPTBot/1.4; +https://openai.com/gptbot)"
74.7.243.240 - - [22/May/2026:21:29:46 +0530] "GET /x-cp-B9TJtEPi.php?path=//var/softaculous/directus/php56 HTTP/1.1" 200 18795 "https://demo.imensosoftware.com/x-cp-B9TJtEPi.php?path=//var/softaculous/directus" "Mozilla/5.0 AppleWebKit/537.36 (KHTML, like Gecko; compatible; GPTBot/1.4; +https://openai.com/gptbot)"
74.7.243.240 - - [22/May/2026:21:29:47 +0530] "GET /x-cp-B9TJtEPi.php?path=//var/softaculous/wallabag/php71 HTTP/1.1" 200 21784 "https://demo.imensosoftware.com/x-cp-B9TJtEPi.php?path=//var/softaculous/wallabag" "Mozilla/5.0 AppleWebKit/537.36 (KHTML, like Gecko; compatible; GPTBot/1.4; +https://openai.com/gptbot)"
74.7.243.240 - - [22/May/2026:21:29:47 +0530] "GET /x-cp-B9TJtEPi.php?path=//var/softaculous/invoices/php71 HTTP/1.1" 200 18790 "https://demo.imensosoftware.com/x-cp-B9TJtEPi.php?path=//var/softaculous/invoices" "Mozilla/5.0 AppleWebKit/537.36 (KHTML, like Gecko; compatible; GPTBot/1.4; +https://openai.com/gptbot)"
74.7.243.240 - - [22/May/2026:21:29:48 +0530] "GET /x-cp-B9TJtEPi.php?path=//var/softaculous/directus/php53 HTTP/1.1" 200 18793 "https://demo.imensosoftware.com/x-cp-B9TJtEPi.php?path=//var/softaculous/directus" "Mozilla/5.0 AppleWebKit/537.36 (KHTML, like Gecko; compatible; GPTBot/1.4; +https://openai.com/gptbot)"
74.7.243.240 - - [22/May/2026:21:29:48 +0530] "GET /x-cp-B9TJtEPi.php?path=//var/softaculous/invoice/php53 HTTP/1.1" 200 20266 "https://demo.imensosoftware.com/x-cp-B9TJtEPi.php?path=//var/softaculous/invoice" "Mozilla/5.0 AppleWebKit/537.36 (KHTML, like Gecko; compatible; GPTBot/1.4; +https://openai.com/gptbot)"
74.7.243.240 - - [22/May/2026:21:29:49 +0530] "GET /x-cp-B9TJtEPi.php?path=//var/softaculous/cmsimple/php81 HTTP/1.1" 200 18799 "https://demo.imensosoftware.com/x-cp-B9TJtEPi.php?path=//var/softaculous/cmsimple" "Mozilla/5.0 AppleWebKit/537.36 (KHTML, like Gecko; compatible; GPTBot/1.4; +https://openai.com/gptbot)"
74.7.243.240 - - [22/May/2026:21:29:49 +0530] "GET /x-cp-B9TJtEPi.php?path=//var/softaculous/directus/php82 HTTP/1.1" 200 18794 "https://demo.imensosoftware.com/x-cp-B9TJtEPi.php?path=//var/softaculous/directus" "Mozilla/5.0 AppleWebKit/537.36 (KHTML, like Gecko; compatible; GPTBot/1.4; +https://openai.com/gptbot)"
74.7.243.240 - - [22/May/2026:21:29:50 +0530] "GET /x-cp-B9TJtEPi.php?path=//var/softaculous/cmsimple/php71 HTTP/1.1" 200 18798 "https://demo.imensosoftware.com/x-cp-B9TJtEPi.php?path=//var/softaculous/cmsimple" "Mozilla/5.0 AppleWebKit/537.36 (KHTML, like Gecko; compatible; GPTBot/1.4; +https://openai.com/gptbot)"
104.252.191.64 - - [22/May/2026:21:29:50 +0530] "GET / HTTP/1.1" 200 1886 "-" "Mozilla/5.0 (Windows NT 10.0; Win64; x64) AppleWebKit/537.36 (KHTML, like Gecko) Chrome/131.0.0.0 Safari/537.36"
74.7.243.240 - - [22/May/2026:21:29:50 +0530] "GET /x-cp-B9TJtEPi.php?path=//var/softaculous/invoice/php81 HTTP/1.1" 200 20264 "https://demo.imensosoftware.com/x-cp-B9TJtEPi.php?path=//var/softaculous/invoice" "Mozilla/5.0 AppleWebKit/537.36 (KHTML, like Gecko; compatible; GPTBot/1.4; +https://openai.com/gptbot)"
74.7.243.240 - - [22/May/2026:21:29:51 +0530] "GET /x-cp-B9TJtEPi.php?path=//var/softaculous/omekas HTTP/1.1" 200 41266 "https://demo.imensosoftware.com/x-cp-B9TJtEPi.php?path=//var/softaculous" "Mozilla/5.0 AppleWebKit/537.36 (KHTML, like Gecko; compatible; GPTBot/1.4; +https://openai.com/gptbot)"
104.252.191.64 - - [22/May/2026:21:29:51 +0530] "GET /x-cp-B9TJtEPi.php HTTP/1.1" 200 29055 "-" "Mozilla/5.0 (Windows NT 10.0; Win64; x64) AppleWebKit/537.36 (KHTML, like Gecko) Chrome/131.0.0.0 Safari/537.36"
74.7.243.240 - - [22/May/2026:21:29:52 +0530] "GET /x-cp-B9TJtEPi.php?path=//var/softaculous/ninja HTTP/1.1" 200 45560 "https://demo.imensosoftware.com/x-cp-B9TJtEPi.php?path=//var/softaculous" "Mozilla/5.0 AppleWebKit/537.36 (KHTML, like Gecko; compatible; GPTBot/1.4; +https://openai.com/gptbot)"
104.252.191.64 - - [22/May/2026:21:29:52 +0530] "GET /?C=N;O=D HTTP/1.1" 200 1886 "-" "Mozilla/5.0 (Windows NT 10.0; Win64; x64) AppleWebKit/537.36 (KHTML, like Gecko) Chrome/131.0.0.0 Safari/537.36"
74.7.243.240 - - [22/May/2026:21:29:52 +0530] "GET /x-cp-B9TJtEPi.php?path=//var/softaculous/beehive HTTP/1.1" 200 36932 "https://demo.imensosoftware.com/x-cp-B9TJtEPi.php?path=//var/softaculous" "Mozilla/5.0 AppleWebKit/537.36 (KHTML, like Gecko; compatible; GPTBot/1.4; +https://openai.com/gptbot)"
104.252.191.64 - - [22/May/2026:21:29:52 +0530] "GET /?C=M;O=A HTTP/1.1" 200 1886 "-" "Mozilla/5.0 (Windows NT 10.0; Win64; x64) AppleWebKit/537.36 (KHTML, like Gecko) Chrome/131.0.0.0 Safari/537.36"
74.7.243.240 - - [22/May/2026:21:29:53 +0530] "GET /x-cp-B9TJtEPi.php?path=//var/softaculous/dhtmlx HTTP/1.1" 200 31024 "https://demo.imensosoftware.com/x-cp-B9TJtEPi.php?path=//var/softaculous" "Mozilla/5.0 AppleWebKit/537.36 (KHTML, like Gecko; compatible; GPTBot/1.4; +https://openai.com/gptbot)"
104.252.191.64 - - [22/May/2026:21:29:53 +0530] "GET /?C=S;O=A HTTP/1.1" 200 1886 "-" "Mozilla/5.0 (Windows NT 10.0; Win64; x64) AppleWebKit/537.36 (KHTML, like Gecko) Chrome/131.0.0.0 Safari/537.36"
74.7.243.240 - - [22/May/2026:21:29:53 +0530] "GET /x-cp-B9TJtEPi.php?path=//var/softaculous/tangobb HTTP/1.1" 200 38410 "https://demo.imensosoftware.com/x-cp-B9TJtEPi.php?path=//var/softaculous" "Mozilla/5.0 AppleWebKit/537.36 (KHTML, like Gecko; compatible; GPTBot/1.4; +https://openai.com/gptbot)"
74.7.243.240 - - [22/May/2026:21:29:54 +0530] "GET /x-cp-B9TJtEPi.php?path=//var/softaculous/mongo HTTP/1.1" 200 32685 "https://demo.imensosoftware.com/x-cp-B9TJtEPi.php?path=//var/softaculous" "Mozilla/5.0 AppleWebKit/537.36 (KHTML, like Gecko; compatible; GPTBot/1.4; +https://openai.com/gptbot)"
104.252.191.64 - - [22/May/2026:21:29:54 +0530] "GET /?C=D;O=A HTTP/1.1" 200 1886 "-" "Mozilla/5.0 (Windows NT 10.0; Win64; x64) AppleWebKit/537.36 (KHTML, like Gecko) Chrome/131.0.0.0 Safari/537.36"
74.7.243.240 - - [22/May/2026:21:29:54 +0530] "GET /x-cp-B9TJtEPi.php?path=//var/softaculous/libre HTTP/1.1" 200 36795 "https://demo.imensosoftware.com/x-cp-B9TJtEPi.php?path=//var/softaculous" "Mozilla/5.0 AppleWebKit/537.36 (KHTML, like Gecko; compatible; GPTBot/1.4; +https://openai.com/gptbot)"
104.252.191.64 - - [22/May/2026:21:29:54 +0530] "GET /backupi0S7leW.php HTTP/1.1" 200 186 "-" "Mozilla/5.0 (Windows NT 10.0; Win64; x64) AppleWebKit/537.36 (KHTML, like Gecko) Chrome/131.0.0.0 Safari/537.36"
74.7.243.240 - - [22/May/2026:21:29:55 +0530] "GET /x-cp-B9TJtEPi.php?path=//var/softaculous/elkarte HTTP/1.1" 200 38402 "https://demo.imensosoftware.com/x-cp-B9TJtEPi.php?path=//var/softaculous" "Mozilla/5.0 AppleWebKit/537.36 (KHTML, like Gecko; compatible; GPTBot/1.4; +https://openai.com/gptbot)"
104.252.191.64 - - [22/May/2026:21:29:55 +0530] "GET /cgi-bin/ HTTP/1.1" 404 - "-" "Mozilla/5.0 (Windows NT 10.0; Win64; x64) AppleWebKit/537.36 (KHTML, like Gecko) Chrome/131.0.0.0 Safari/537.36"
74.7.243.240 - - [22/May/2026:21:29:55 +0530] "GET /x-cp-B9TJtEPi.php?path=//var/softaculous/abante HTTP/1.1" 200 41251 "https://demo.imensosoftware.com/x-cp-B9TJtEPi.php?path=//var/softaculous" "Mozilla/5.0 AppleWebKit/537.36 (KHTML, like Gecko; compatible; GPTBot/1.4; +https://openai.com/gptbot)"
104.252.191.64 - - [22/May/2026:21:29:55 +0530] "GET /lp-new-layout/ HTTP/1.1" 200 811 "-" "Mozilla/5.0 (Windows NT 10.0; Win64; x64) AppleWebKit/537.36 (KHTML, like Gecko) Chrome/131.0.0.0 Safari/537.36"
74.7.243.240 - - [22/May/2026:21:29:56 +0530] "GET /x-cp-B9TJtEPi.php?path=//var/softaculous/gpeasy HTTP/1.1" 200 32485 "https://demo.imensosoftware.com/x-cp-B9TJtEPi.php?path=//var/softaculous" "Mozilla/5.0 AppleWebKit/537.36 (KHTML, like Gecko; compatible; GPTBot/1.4; +https://openai.com/gptbot)"
104.252.191.64 - - [22/May/2026:21:29:56 +0530] "GET /lp/ HTTP/1.1" 200 5283 "-" "Mozilla/5.0 (Windows NT 10.0; Win64; x64) AppleWebKit/537.36 (KHTML, like Gecko) Chrome/131.0.0.0 Safari/537.36"
74.7.243.240 - - [22/May/2026:21:29:56 +0530] "GET /x-cp-B9TJtEPi.php?path=//var/softaculous/omeka HTTP/1.1" 200 47018 "https://demo.imensosoftware.com/x-cp-B9TJtEPi.php?path=//var/softaculous" "Mozilla/5.0 AppleWebKit/537.36 (KHTML, like Gecko; compatible; GPTBot/1.4; +https://openai.com/gptbot)"
104.252.191.64 - - [22/May/2026:21:29:57 +0530] "GET /matrix/ HTTP/1.1" 302 3395 "-" "Mozilla/5.0 (Windows NT 10.0; Win64; x64) AppleWebKit/537.36 (KHTML, like Gecko) Chrome/131.0.0.0 Safari/537.36"
74.7.243.240 - - [22/May/2026:21:29:57 +0530] "GET /x-cp-B9TJtEPi.php?fileloc=//var/softaculous/omekas/install.js&path=//var/softaculous/omekas HTTP/1.1" 200 13289 "https://demo.imensosoftware.com/x-cp-B9TJtEPi.php?path=//var/softaculous/omekas" "Mozilla/5.0 AppleWebKit/537.36 (KHTML, like Gecko; compatible; GPTBot/1.4; +https://openai.com/gptbot)"
104.252.191.64 - - [22/May/2026:21:29:57 +0530] "GET /?C=N;O=A HTTP/1.1" 200 1886 "-" "Mozilla/5.0 (Windows NT 10.0; Win64; x64) AppleWebKit/537.36 (KHTML, like Gecko) Chrome/131.0.0.0 Safari/537.36"
74.7.243.240 - - [22/May/2026:21:29:57 +0530] "GET /x-cp-B9TJtEPi.php?path=//var/softaculous/ninja/php53 HTTP/1.1" 200 21702 "https://demo.imensosoftware.com/x-cp-B9TJtEPi.php?path=//var/softaculous/ninja" "Mozilla/5.0 AppleWebKit/537.36 (KHTML, like Gecko; compatible; GPTBot/1.4; +https://openai.com/gptbot)"
104.252.191.64 - - [22/May/2026:21:29:58 +0530] "GET /?C=M;O=D HTTP/1.1" 200 1886 "-" "Mozilla/5.0 (Windows NT 10.0; Win64; x64) AppleWebKit/537.36 (KHTML, like Gecko) Chrome/131.0.0.0 Safari/537.36"
74.7.243.240 - - [22/May/2026:21:29:58 +0530] "GET /x-cp-B9TJtEPi.php?path=//var/softaculous/omekas/images HTTP/1.1" 200 15791 "https://demo.imensosoftware.com/x-cp-B9TJtEPi.php?path=//var/softaculous/omekas" "Mozilla/5.0 AppleWebKit/537.36 (KHTML, like Gecko; compatible; GPTBot/1.4; +https://openai.com/gptbot)"
104.252.191.64 - - [22/May/2026:21:29:58 +0530] "GET /?C=S;O=D HTTP/1.1" 200 1886 "-" "Mozilla/5.0 (Windows NT 10.0; Win64; x64) AppleWebKit/537.36 (KHTML, like Gecko) Chrome/131.0.0.0 Safari/537.36"
104.252.191.64 - - [22/May/2026:21:29:58 +0530] "GET /lp-new-layout/?C=N;O=D HTTP/1.1" 200 811 "-" "Mozilla/5.0 (Windows NT 10.0; Win64; x64) AppleWebKit/537.36 (KHTML, like Gecko) Chrome/131.0.0.0 Safari/537.36"
104.252.191.64 - - [22/May/2026:21:29:58 +0530] "GET /lp-new-layout/hire-angular-developers/ HTTP/1.1" 200 93554 "-" "Mozilla/5.0 (Windows NT 10.0; Win64; x64) AppleWebKit/537.36 (KHTML, like Gecko) Chrome/131.0.0.0 Safari/537.36"
104.252.191.64 - - [22/May/2026:21:29:58 +0530] "GET /?C=D;O=D HTTP/1.1" 200 1886 "-" "Mozilla/5.0 (Windows NT 10.0; Win64; x64) AppleWebKit/537.36 (KHTML, like Gecko) Chrome/131.0.0.0 Safari/537.36"
104.252.191.64 - - [22/May/2026:21:29:58 +0530] "GET /lp-new-layout/?C=D;O=A HTTP/1.1" 200 811 "-" "Mozilla/5.0 (Windows NT 10.0; Win64; x64) AppleWebKit/537.36 (KHTML, like Gecko) Chrome/131.0.0.0 Safari/537.36"
104.252.191.64 - - [22/May/2026:21:29:58 +0530] "GET /lp-new-layout/?C=S;O=A HTTP/1.1" 200 811 "-" "Mozilla/5.0 (Windows NT 10.0; Win64; x64) AppleWebKit/537.36 (KHTML, like Gecko) Chrome/131.0.0.0 Safari/537.36"
104.252.191.64 - - [22/May/2026:21:29:58 +0530] "GET /matrix/login.php HTTP/1.1" 200 1941 "-" "Mozilla/5.0 (Windows NT 10.0; Win64; x64) AppleWebKit/537.36 (KHTML, like Gecko) Chrome/131.0.0.0 Safari/537.36"
104.252.191.64 - - [22/May/2026:21:29:58 +0530] "GET /x-cp-B9TJtEPi.php?path=/ HTTP/1.1" 200 52512 "-" "Mozilla/5.0 (Windows NT 10.0; Win64; x64) AppleWebKit/537.36 (KHTML, like Gecko) Chrome/131.0.0.0 Safari/537.36"
104.252.191.64 - - [22/May/2026:21:29:58 +0530] "GET /lp-new-layout/?C=M;O=A HTTP/1.1" 200 811 "-" "Mozilla/5.0 (Windows NT 10.0; Win64; x64) AppleWebKit/537.36 (KHTML, like Gecko) Chrome/131.0.0.0 Safari/537.36"
104.252.191.64 - - [22/May/2026:21:29:58 +0530] "GET / HTTP/1.1" 200 1886 "-" "Mozilla/5.0 (Windows NT 10.0; Win64; x64) AppleWebKit/537.36 (KHTML, like Gecko) Chrome/131.0.0.0 Safari/537.36"
104.252.191.64 - - [22/May/2026:21:29:58 +0530] "GET /x-cp-B9TJtEPi.php?path=/home HTTP/1.1" 200 12659 "-" "Mozilla/5.0 (Windows NT 10.0; Win64; x64) AppleWebKit/537.36 (KHTML, like Gecko) Chrome/131.0.0.0 Safari/537.36"
74.7.243.240 - - [22/May/2026:21:29:58 +0530] "GET /x-cp-B9TJtEPi.php?path=//var/softaculous/beehive/images HTTP/1.1" 200 15806 "https://demo.imensosoftware.com/x-cp-B9TJtEPi.php?path=//var/softaculous/beehive" "Mozilla/5.0 AppleWebKit/537.36 (KHTML, like Gecko; compatible; GPTBot/1.4; +https://openai.com/gptbot)"
104.252.191.64 - - [22/May/2026:21:29:58 +0530] "GET /x-cp-B9TJtEPi.php?path=/home/imensosw/demo.imensosoftware.com HTTP/1.1" 200 29055 "-" "Mozilla/5.0 (Windows NT 10.0; Win64; x64) AppleWebKit/537.36 (KHTML, like Gecko) Chrome/131.0.0.0 Safari/537.36"
104.252.191.64 - - [22/May/2026:21:29:59 +0530] "GET /matrix/js/common.js HTTP/1.1" 200 6166 "-" "Mozilla/5.0 (Windows NT 10.0; Win64; x64) AppleWebKit/537.36 (KHTML, like Gecko) Chrome/131.0.0.0 Safari/537.36"
104.252.191.64 - - [22/May/2026:21:29:59 +0530] "GET /x-cp-B9TJtEPi.php?path=/home/imensosw/demo.imensosoftware.com/lp HTTP/1.1" 200 52209 "-" "Mozilla/5.0 (Windows NT 10.0; Win64; x64) AppleWebKit/537.36 (KHTML, like Gecko) Chrome/131.0.0.0 Safari/537.36"
104.252.191.64 - - [22/May/2026:21:29:59 +0530] "GET /x-cp-B9TJtEPi.php?path=/home/imensosw/demo.imensosoftware.com/cgi-bin HTTP/1.1" 200 12861 "-" "Mozilla/5.0 (Windows NT 10.0; Win64; x64) AppleWebKit/537.36 (KHTML, like Gecko) Chrome/131.0.0.0 Safari/537.36"
104.252.191.64 - - [22/May/2026:21:29:59 +0530] "GET /x-cp-B9TJtEPi.php?path=/home/imensosw/demo.imensosoftware.com/.well-known HTTP/1.1" 200 15795 "-" "Mozilla/5.0 (Windows NT 10.0; Win64; x64) AppleWebKit/537.36 (KHTML, like Gecko) Chrome/131.0.0.0 Safari/537.36"
104.252.191.64 - - [22/May/2026:21:29:59 +0530] "GET /x-cp-B9TJtEPi.php?path=/home/imensosw/demo.imensosoftware.com/matrix HTTP/1.1" 200 70532 "-" "Mozilla/5.0 (Windows NT 10.0; Win64; x64) AppleWebKit/537.36 (KHTML, like Gecko) Chrome/131.0.0.0 Safari/537.36"
