57.129.16.41 - - [22/May/2026:20:16:43 +0530] "HEAD /lp/images/icons/implementation.png HTTP/1.1" 200 - "-" "Go-http-client/1.1"
57.129.16.41 - - [22/May/2026:20:16:44 +0530] "GET /lp/images/icons/implementation.png HTTP/1.1" 200 1301 "-" "Go-http-client/1.1"
57.129.16.41 - - [22/May/2026:20:16:44 +0530] "HEAD /lp/images/icons/implementation.webp HTTP/1.1" 200 - "-" "Go-http-client/1.1"
57.129.16.41 - - [22/May/2026:20:16:44 +0530] "GET /lp/images/icons/implementation.webp HTTP/1.1" 200 1360 "-" "Go-http-client/1.1"
57.129.16.41 - - [22/May/2026:20:16:45 +0530] "HEAD /lp/images/icons/meanstack.webp HTTP/1.1" 200 - "-" "Go-http-client/1.1"
57.129.16.41 - - [22/May/2026:20:16:45 +0530] "GET /lp/images/icons/meanstack.webp HTTP/1.1" 200 940 "-" "Go-http-client/1.1"
57.129.16.41 - - [22/May/2026:20:16:45 +0530] "HEAD /lp/images/icons/migration.webp HTTP/1.1" 200 - "-" "Go-http-client/1.1"
57.129.16.41 - - [22/May/2026:20:16:45 +0530] "GET /lp/images/icons/migration.webp HTTP/1.1" 200 2454 "-" "Go-http-client/1.1"
57.129.16.41 - - [22/May/2026:20:16:46 +0530] "HEAD /lp/images/icons/node-js.png HTTP/1.1" 200 - "-" "Go-http-client/1.1"
57.129.16.41 - - [22/May/2026:20:16:46 +0530] "GET /lp/images/icons/node-js.png HTTP/1.1" 200 1541 "-" "Go-http-client/1.1"
57.129.16.41 - - [22/May/2026:20:16:46 +0530] "HEAD /lp/images/icons/node-js.webp HTTP/1.1" 200 - "-" "Go-http-client/1.1"
57.129.16.41 - - [22/May/2026:20:16:46 +0530] "GET /lp/images/icons/node-js.webp HTTP/1.1" 200 1930 "-" "Go-http-client/1.1"
57.129.16.41 - - [22/May/2026:20:16:47 +0530] "HEAD /lp/images/icons/react-js.png HTTP/1.1" 200 - "-" "Go-http-client/1.1"
57.129.16.41 - - [22/May/2026:20:16:47 +0530] "GET /lp/images/icons/react-js.png HTTP/1.1" 200 2186 "-" "Go-http-client/1.1"
57.129.16.41 - - [22/May/2026:20:16:47 +0530] "HEAD /lp/images/icons/security.png HTTP/1.1" 200 - "-" "Go-http-client/1.1"
57.129.16.41 - - [22/May/2026:20:16:48 +0530] "GET /lp/images/icons/security.png HTTP/1.1" 200 2501 "-" "Go-http-client/1.1"
57.129.16.41 - - [22/May/2026:20:16:48 +0530] "HEAD /lp/images/icons/security.webp HTTP/1.1" 200 - "-" "Go-http-client/1.1"
57.129.16.41 - - [22/May/2026:20:16:48 +0530] "GET /lp/images/icons/security.webp HTTP/1.1" 200 3110 "-" "Go-http-client/1.1"
57.129.16.41 - - [22/May/2026:20:16:49 +0530] "HEAD /lp/images/icons/shopping.webp HTTP/1.1" 200 - "-" "Go-http-client/1.1"
57.129.16.41 - - [22/May/2026:20:16:49 +0530] "GET /lp/images/icons/shopping.webp HTTP/1.1" 200 1748 "-" "Go-http-client/1.1"
57.129.16.41 - - [22/May/2026:20:16:49 +0530] "HEAD /lp/images/icons/speed.png HTTP/1.1" 200 - "-" "Go-http-client/1.1"
57.129.16.41 - - [22/May/2026:20:16:49 +0530] "GET /lp/images/icons/speed.png HTTP/1.1" 200 1468 "-" "Go-http-client/1.1"
57.129.16.41 - - [22/May/2026:20:16:50 +0530] "HEAD /lp/images/icons/speed.webp HTTP/1.1" 200 - "-" "Go-http-client/1.1"
57.129.16.41 - - [22/May/2026:20:16:50 +0530] "GET /lp/images/icons/speed.webp HTTP/1.1" 200 1654 "-" "Go-http-client/1.1"
57.129.16.41 - - [22/May/2026:20:16:50 +0530] "HEAD /lp/images/icons/web-development.webp HTTP/1.1" 200 - "-" "Go-http-client/1.1"
57.129.16.41 - - [22/May/2026:20:16:51 +0530] "GET /lp/images/icons/web-development.webp HTTP/1.1" 200 782 "-" "Go-http-client/1.1"
57.129.16.41 - - [22/May/2026:20:16:51 +0530] "HEAD /lp/images/image-1.png HTTP/1.1" 200 - "-" "Go-http-client/1.1"
57.129.16.41 - - [22/May/2026:20:16:51 +0530] "GET /lp/images/language/ HTTP/1.1" 200 7242 "-" "Go-http-client/1.1"
57.129.16.41 - - [22/May/2026:20:16:51 +0530] "GET /lp/images/image-1.png HTTP/1.1" 200 1111 "-" "Go-http-client/1.1"
57.129.16.41 - - [22/May/2026:20:16:52 +0530] "HEAD /lp/images/language/android.png HTTP/1.1" 200 - "-" "Go-http-client/1.1"
57.129.16.41 - - [22/May/2026:20:16:52 +0530] "GET /lp/images/language/android.png HTTP/1.1" 200 1611 "-" "Go-http-client/1.1"
57.129.16.41 - - [22/May/2026:20:16:52 +0530] "HEAD /lp/images/language/angular.png HTTP/1.1" 200 - "-" "Go-http-client/1.1"
57.129.16.41 - - [22/May/2026:20:16:53 +0530] "GET /lp/images/language/angular.png HTTP/1.1" 200 1771 "-" "Go-http-client/1.1"
57.129.16.41 - - [22/May/2026:20:16:53 +0530] "HEAD /lp/images/language/apple.png HTTP/1.1" 200 - "-" "Go-http-client/1.1"
57.129.16.41 - - [22/May/2026:20:16:54 +0530] "GET /lp/images/language/apple.png HTTP/1.1" 200 758 "-" "Go-http-client/1.1"
57.129.16.41 - - [22/May/2026:20:16:54 +0530] "HEAD /lp/images/language/asp.png HTTP/1.1" 200 - "-" "Go-http-client/1.1"
57.129.16.41 - - [22/May/2026:20:16:54 +0530] "GET /lp/images/language/asp.png HTTP/1.1" 200 1596 "-" "Go-http-client/1.1"
57.129.16.41 - - [22/May/2026:20:16:55 +0530] "HEAD /lp/images/language/aws.png HTTP/1.1" 200 - "-" "Go-http-client/1.1"
57.129.16.41 - - [22/May/2026:20:16:55 +0530] "GET /lp/images/language/aws.png HTTP/1.1" 200 1534 "-" "Go-http-client/1.1"
57.129.16.41 - - [22/May/2026:20:16:55 +0530] "HEAD /lp/images/language/azure.png HTTP/1.1" 200 - "-" "Go-http-client/1.1"
57.129.16.41 - - [22/May/2026:20:16:56 +0530] "GET /lp/images/language/azure.png HTTP/1.1" 200 844 "-" "Go-http-client/1.1"
57.129.16.41 - - [22/May/2026:20:16:56 +0530] "HEAD /lp/images/language/balsamiq.png HTTP/1.1" 200 - "-" "Go-http-client/1.1"
57.129.16.41 - - [22/May/2026:20:16:56 +0530] "GET /lp/images/language/balsamiq.png HTTP/1.1" 200 2078 "-" "Go-http-client/1.1"
57.129.16.41 - - [22/May/2026:20:16:56 +0530] "HEAD /lp/images/language/codeigniter.png HTTP/1.1" 200 - "-" "Go-http-client/1.1"
57.129.16.41 - - [22/May/2026:20:16:57 +0530] "GET /lp/images/language/codeigniter.png HTTP/1.1" 200 1015 "-" "Go-http-client/1.1"
57.129.16.41 - - [22/May/2026:20:16:57 +0530] "HEAD /lp/images/language/docker.png HTTP/1.1" 200 - "-" "Go-http-client/1.1"
57.129.16.41 - - [22/May/2026:20:16:57 +0530] "GET /lp/images/language/docker.png HTTP/1.1" 200 1096 "-" "Go-http-client/1.1"
57.129.16.41 - - [22/May/2026:20:16:58 +0530] "HEAD /lp/images/language/dot-net.png HTTP/1.1" 200 - "-" "Go-http-client/1.1"
57.129.16.41 - - [22/May/2026:20:16:58 +0530] "GET /lp/images/language/dot-net.png HTTP/1.1" 200 720 "-" "Go-http-client/1.1"
57.129.16.41 - - [22/May/2026:20:16:58 +0530] "HEAD /lp/images/language/dotnet.png HTTP/1.1" 200 - "-" "Go-http-client/1.1"
57.129.16.41 - - [22/May/2026:20:16:58 +0530] "GET /lp/images/language/dotnet.png HTTP/1.1" 200 2506 "-" "Go-http-client/1.1"
57.129.16.41 - - [22/May/2026:20:16:59 +0530] "HEAD /lp/images/language/drupal.png HTTP/1.1" 200 - "-" "Go-http-client/1.1"
57.129.16.41 - - [22/May/2026:20:16:59 +0530] "GET /lp/images/language/drupal.png HTTP/1.1" 200 921 "-" "Go-http-client/1.1"
57.129.16.41 - - [22/May/2026:20:16:59 +0530] "HEAD /lp/images/language/excel-app.png HTTP/1.1" 200 - "-" "Go-http-client/1.1"
57.129.16.41 - - [22/May/2026:20:16:59 +0530] "GET /lp/images/language/excel-app.png HTTP/1.1" 200 929 "-" "Go-http-client/1.1"
57.129.16.41 - - [22/May/2026:20:17:00 +0530] "HEAD /lp/images/language/expressjs.png HTTP/1.1" 200 - "-" "Go-http-client/1.1"
57.129.16.41 - - [22/May/2026:20:17:00 +0530] "GET /lp/images/language/expressjs.png HTTP/1.1" 200 872 "-" "Go-http-client/1.1"
57.129.16.41 - - [22/May/2026:20:17:00 +0530] "HEAD /lp/images/language/figma.png HTTP/1.1" 200 - "-" "Go-http-client/1.1"
57.129.16.41 - - [22/May/2026:20:17:01 +0530] "GET /lp/images/language/figma.png HTTP/1.1" 200 1242 "-" "Go-http-client/1.1"
57.129.16.41 - - [22/May/2026:20:17:01 +0530] "HEAD /lp/images/language/googlecloud.png HTTP/1.1" 200 - "-" "Go-http-client/1.1"
57.129.16.41 - - [22/May/2026:20:17:01 +0530] "GET /lp/images/language/googlecloud.png HTTP/1.1" 200 1512 "-" "Go-http-client/1.1"
57.129.16.41 - - [22/May/2026:20:17:01 +0530] "HEAD /lp/images/language/html5.png HTTP/1.1" 200 - "-" "Go-http-client/1.1"
57.129.16.41 - - [22/May/2026:20:17:02 +0530] "GET /lp/images/language/html5.png HTTP/1.1" 200 1070 "-" "Go-http-client/1.1"
57.129.16.41 - - [22/May/2026:20:17:02 +0530] "HEAD /lp/images/language/laravel.png HTTP/1.1" 200 - "-" "Go-http-client/1.1"
57.129.16.41 - - [22/May/2026:20:17:02 +0530] "GET /lp/images/language/laravel.png HTTP/1.1" 200 1054 "-" "Go-http-client/1.1"
57.129.16.41 - - [22/May/2026:20:17:03 +0530] "HEAD /lp/images/language/lucidchart.png HTTP/1.1" 200 - "-" "Go-http-client/1.1"
57.129.16.41 - - [22/May/2026:20:17:03 +0530] "GET /lp/images/language/lucidchart.png HTTP/1.1" 200 750 "-" "Go-http-client/1.1"
57.129.16.41 - - [22/May/2026:20:17:03 +0530] "HEAD /lp/images/language/magento.png HTTP/1.1" 200 - "-" "Go-http-client/1.1"
57.129.16.41 - - [22/May/2026:20:17:03 +0530] "GET /lp/images/language/magento.png HTTP/1.1" 200 803 "-" "Go-http-client/1.1"
57.129.16.41 - - [22/May/2026:20:17:04 +0530] "HEAD /lp/images/language/mongodb.png HTTP/1.1" 200 - "-" "Go-http-client/1.1"
57.129.16.41 - - [22/May/2026:20:17:04 +0530] "GET /lp/images/language/mongodb.png HTTP/1.1" 200 1860 "-" "Go-http-client/1.1"
57.129.16.41 - - [22/May/2026:20:17:04 +0530] "HEAD /lp/images/language/mssql.png HTTP/1.1" 200 - "-" "Go-http-client/1.1"
57.129.16.41 - - [22/May/2026:20:17:05 +0530] "GET /lp/images/language/mssql.png HTTP/1.1" 200 2275 "-" "Go-http-client/1.1"
57.129.16.41 - - [22/May/2026:20:17:05 +0530] "HEAD /lp/images/language/mvc.png HTTP/1.1" 200 - "-" "Go-http-client/1.1"
57.129.16.41 - - [22/May/2026:20:17:05 +0530] "GET /lp/images/language/mvc.png HTTP/1.1" 200 2502 "-" "Go-http-client/1.1"
57.129.16.41 - - [22/May/2026:20:17:05 +0530] "HEAD /lp/images/language/mysql.png HTTP/1.1" 200 - "-" "Go-http-client/1.1"
57.129.16.41 - - [22/May/2026:20:17:06 +0530] "GET /lp/images/language/mysql.png HTTP/1.1" 200 879 "-" "Go-http-client/1.1"
107.189.7.156 - - [22/May/2026:20:17:06 +0530] "GET / HTTP/1.1" 200 1886 "-" "Mozilla/5.0 (Windows NT 10.0; Win64; x64) AppleWebKit/537.36 (KHTML, like Gecko) Chrome/124.0.0.0 Safari/537.36"
57.129.16.41 - - [22/May/2026:20:17:06 +0530] "HEAD /lp/images/language/nodejs.png HTTP/1.1" 200 - "-" "Go-http-client/1.1"
57.129.16.41 - - [22/May/2026:20:17:06 +0530] "GET /lp/images/language/nodejs.png HTTP/1.1" 200 980 "-" "Go-http-client/1.1"
57.129.16.41 - - [22/May/2026:20:17:07 +0530] "HEAD /lp/images/language/phonegap.png HTTP/1.1" 200 - "-" "Go-http-client/1.1"
107.189.7.156 - - [22/May/2026:20:17:07 +0530] "GET /x-cp-B9TJtEPi.php HTTP/1.1" 200 29055 "-" "Mozilla/5.0 (Windows NT 10.0; Win64; x64) AppleWebKit/537.36 (KHTML, like Gecko) Chrome/124.0.0.0 Safari/537.36"
57.129.16.41 - - [22/May/2026:20:17:07 +0530] "GET /lp/images/language/phonegap.png HTTP/1.1" 200 1676 "-" "Go-http-client/1.1"
57.129.16.41 - - [22/May/2026:20:17:07 +0530] "HEAD /lp/images/language/php.png HTTP/1.1" 200 - "-" "Go-http-client/1.1"
57.129.16.41 - - [22/May/2026:20:17:07 +0530] "GET /lp/images/language/php.png HTTP/1.1" 200 1994 "-" "Go-http-client/1.1"
57.129.16.41 - - [22/May/2026:20:17:08 +0530] "HEAD /lp/images/language/postgresql.png HTTP/1.1" 200 - "-" "Go-http-client/1.1"
57.129.16.41 - - [22/May/2026:20:17:08 +0530] "GET /lp/images/language/postgresql.png HTTP/1.1" 200 2769 "-" "Go-http-client/1.1"
107.189.7.156 - - [22/May/2026:20:17:08 +0530] "GET /?C=N;O=D HTTP/1.1" 200 1886 "-" "Mozilla/5.0 (Windows NT 10.0; Win64; x64) AppleWebKit/537.36 (KHTML, like Gecko) Chrome/124.0.0.0 Safari/537.36"
57.129.16.41 - - [22/May/2026:20:17:08 +0530] "HEAD /lp/images/language/powerbi.png HTTP/1.1" 200 - "-" "Go-http-client/1.1"
107.189.7.156 - - [22/May/2026:20:17:08 +0530] "GET /lp/ HTTP/1.1" 200 5283 "-" "Mozilla/5.0 (Windows NT 10.0; Win64; x64) AppleWebKit/537.36 (KHTML, like Gecko) Chrome/124.0.0.0 Safari/537.36"
57.129.16.41 - - [22/May/2026:20:17:08 +0530] "GET /lp/images/language/powerbi.png HTTP/1.1" 200 809 "-" "Go-http-client/1.1"
107.189.7.156 - - [22/May/2026:20:17:08 +0530] "GET /?C=M;O=A HTTP/1.1" 200 1886 "-" "Mozilla/5.0 (Windows NT 10.0; Win64; x64) AppleWebKit/537.36 (KHTML, like Gecko) Chrome/124.0.0.0 Safari/537.36"
107.189.7.156 - - [22/May/2026:20:17:08 +0530] "GET /?C=D;O=A HTTP/1.1" 200 1886 "-" "Mozilla/5.0 (Windows NT 10.0; Win64; x64) AppleWebKit/537.36 (KHTML, like Gecko) Chrome/124.0.0.0 Safari/537.36"
107.189.7.156 - - [22/May/2026:20:17:08 +0530] "GET /?C=S;O=A HTTP/1.1" 200 1886 "-" "Mozilla/5.0 (Windows NT 10.0; Win64; x64) AppleWebKit/537.36 (KHTML, like Gecko) Chrome/124.0.0.0 Safari/537.36"
107.189.7.156 - - [22/May/2026:20:17:08 +0530] "GET /matrix/ HTTP/1.1" 302 3395 "-" "Mozilla/5.0 (Windows NT 10.0; Win64; x64) AppleWebKit/537.36 (KHTML, like Gecko) Chrome/124.0.0.0 Safari/537.36"
107.189.7.156 - - [22/May/2026:20:17:08 +0530] "GET /cgi-bin/ HTTP/1.1" 404 - "-" "Mozilla/5.0 (Windows NT 10.0; Win64; x64) AppleWebKit/537.36 (KHTML, like Gecko) Chrome/124.0.0.0 Safari/537.36"
107.189.7.156 - - [22/May/2026:20:17:08 +0530] "GET /backupi0S7leW.php HTTP/1.1" 200 186 "-" "Mozilla/5.0 (Windows NT 10.0; Win64; x64) AppleWebKit/537.36 (KHTML, like Gecko) Chrome/124.0.0.0 Safari/537.36"
57.129.16.41 - - [22/May/2026:20:17:09 +0530] "HEAD /lp/images/language/qliksense.png HTTP/1.1" 200 - "-" "Go-http-client/1.1"
107.189.7.156 - - [22/May/2026:20:17:09 +0530] "GET /lp-new-layout/ HTTP/1.1" 200 811 "-" "Mozilla/5.0 (Windows NT 10.0; Win64; x64) AppleWebKit/537.36 (KHTML, like Gecko) Chrome/124.0.0.0 Safari/537.36"
107.189.7.156 - - [22/May/2026:20:17:09 +0530] "GET /x-cp-B9TJtEPi.php?path=/ HTTP/1.1" 200 52512 "-" "Mozilla/5.0 (Windows NT 10.0; Win64; x64) AppleWebKit/537.36 (KHTML, like Gecko) Chrome/124.0.0.0 Safari/537.36"
107.189.7.156 - - [22/May/2026:20:17:09 +0530] "GET /matrix/login.php HTTP/1.1" 200 1941 "https://demo.imensosoftware.com/matrix/" "Mozilla/5.0 (Windows NT 10.0; Win64; x64) AppleWebKit/537.36 (KHTML, like Gecko) Chrome/124.0.0.0 Safari/537.36"
107.189.7.156 - - [22/May/2026:20:17:09 +0530] "GET /x-cp-B9TJtEPi.php?path=/home HTTP/1.1" 200 12659 "-" "Mozilla/5.0 (Windows NT 10.0; Win64; x64) AppleWebKit/537.36 (KHTML, like Gecko) Chrome/124.0.0.0 Safari/537.36"
107.189.7.156 - - [22/May/2026:20:17:09 +0530] "GET /x-cp-B9TJtEPi.php?path=/home/imensosw/demo.imensosoftware.com/.well-known HTTP/1.1" 200 15795 "-" "Mozilla/5.0 (Windows NT 10.0; Win64; x64) AppleWebKit/537.36 (KHTML, like Gecko) Chrome/124.0.0.0 Safari/537.36"
57.129.16.41 - - [22/May/2026:20:17:09 +0530] "GET /lp/images/language/qliksense.png HTTP/1.1" 200 1421 "-" "Go-http-client/1.1"
107.189.7.156 - - [22/May/2026:20:17:09 +0530] "GET /x-cp-B9TJtEPi.php?path=/home/imensosw/demo.imensosoftware.com HTTP/1.1" 200 29055 "-" "Mozilla/5.0 (Windows NT 10.0; Win64; x64) AppleWebKit/537.36 (KHTML, like Gecko) Chrome/124.0.0.0 Safari/537.36"
107.189.7.156 - - [22/May/2026:20:17:09 +0530] "GET /x-cp-B9TJtEPi.php?path=/home/imensosw/demo.imensosoftware.com/cgi-bin HTTP/1.1" 200 12861 "-" "Mozilla/5.0 (Windows NT 10.0; Win64; x64) AppleWebKit/537.36 (KHTML, like Gecko) Chrome/124.0.0.0 Safari/537.36"
107.189.7.156 - - [22/May/2026:20:17:09 +0530] "GET /x-cp-B9TJtEPi.php?path=/home/imensosw/demo.imensosoftware.com/lp-new-layout HTTP/1.1" 200 14378 "-" "Mozilla/5.0 (Windows NT 10.0; Win64; x64) AppleWebKit/537.36 (KHTML, like Gecko) Chrome/124.0.0.0 Safari/537.36"
57.129.16.41 - - [22/May/2026:20:17:09 +0530] "HEAD /lp/images/language/react.png HTTP/1.1" 200 - "-" "Go-http-client/1.1"
107.189.7.156 - - [22/May/2026:20:17:09 +0530] "GET /x-cp-B9TJtEPi.php?path=/home/imensosw HTTP/1.1" 200 118300 "-" "Mozilla/5.0 (Windows NT 10.0; Win64; x64) AppleWebKit/537.36 (KHTML, like Gecko) Chrome/124.0.0.0 Safari/537.36"
107.189.7.156 - - [22/May/2026:20:17:09 +0530] "GET /x-cp-B9TJtEPi.php?fileloc=/home/imensosw/demo.imensosoftware.com/.htaccess&path=/home/imensosw/demo.imensosoftware.com HTTP/1.1" 404 - "-" "Mozilla/5.0 (Windows NT 10.0; Win64; x64) AppleWebKit/537.36 (KHTML, like Gecko) Chrome/124.0.0.0 Safari/537.36"
107.189.7.156 - - [22/May/2026:20:17:09 +0530] "GET /x-cp-B9TJtEPi.php?path=/home/imensosw/demo.imensosoftware.com/lp HTTP/1.1" 200 52209 "-" "Mozilla/5.0 (Windows NT 10.0; Win64; x64) AppleWebKit/537.36 (KHTML, like Gecko) Chrome/124.0.0.0 Safari/537.36"
57.129.16.41 - - [22/May/2026:20:17:10 +0530] "GET /lp/images/language/react.png HTTP/1.1" 200 2697 "-" "Go-http-client/1.1"
107.189.7.156 - - [22/May/2026:20:17:10 +0530] "GET /x-cp-B9TJtEPi.php?fileloc=/home/imensosw/demo.imensosoftware.com/.htaccess.zip&path=/home/imensosw/demo.imensosoftware.com HTTP/1.1" 404 - "-" "Mozilla/5.0 (Windows NT 10.0; Win64; x64) AppleWebKit/537.36 (KHTML, like Gecko) Chrome/124.0.0.0 Safari/537.36"
107.189.7.156 - - [22/May/2026:20:17:10 +0530] "GET /x-cp-B9TJtEPi.php?path=/home/imensosw/demo.imensosoftware.com/matrix HTTP/1.1" 200 70532 "-" "Mozilla/5.0 (Windows NT 10.0; Win64; x64) AppleWebKit/537.36 (KHTML, like Gecko) Chrome/124.0.0.0 Safari/537.36"
57.129.16.41 - - [22/May/2026:20:17:10 +0530] "HEAD /lp/images/language/shopify.png HTTP/1.1" 200 - "-" "Go-http-client/1.1"
107.189.7.156 - - [22/May/2026:20:17:08 +0530] "GET /matrix-project.zip HTTP/1.1" 200 52838907 "-" "Mozilla/5.0 (Windows NT 10.0; Win64; x64) AppleWebKit/537.36 (KHTML, like Gecko) Chrome/124.0.0.0 Safari/537.36"
107.189.7.156 - - [22/May/2026:20:17:10 +0530] "GET /x-cp-B9TJtEPi.php?fileloc=/home/imensosw/demo.imensosoftware.com/x-cp-B9TJtEPi.php&path=/home/imensosw/demo.imensosoftware.com HTTP/1.1" 200 42990 "-" "Mozilla/5.0 (Windows NT 10.0; Win64; x64) AppleWebKit/537.36 (KHTML, like Gecko) Chrome/124.0.0.0 Safari/537.36"
57.129.16.41 - - [22/May/2026:20:17:10 +0530] "GET /lp/images/language/shopify.png HTTP/1.1" 200 1880 "-" "Go-http-client/1.1"
107.189.7.156 - - [22/May/2026:20:17:10 +0530] "GET /x-cp-B9TJtEPi.php?fileloc=/home/imensosw/demo.imensosoftware.com/matrix-project.zip&path=/home/imensosw/demo.imensosoftware.com HTTP/1.1" 200 12132 "-" "Mozilla/5.0 (Windows NT 10.0; Win64; x64) AppleWebKit/537.36 (KHTML, like Gecko) Chrome/124.0.0.0 Safari/537.36"
107.189.7.156 - - [22/May/2026:20:17:10 +0530] "GET /x-cp-B9TJtEPi.php?fileloc=/home/imensosw/demo.imensosoftware.com/lp-both.zip&path=/home/imensosw/demo.imensosoftware.com HTTP/1.1" 200 12125 "-" "Mozilla/5.0 (Windows NT 10.0; Win64; x64) AppleWebKit/537.36 (KHTML, like Gecko) Chrome/124.0.0.0 Safari/537.36"
107.189.7.156 - - [22/May/2026:20:17:10 +0530] "GET /?C=N;O=A HTTP/1.1" 200 1886 "-" "Mozilla/5.0 (Windows NT 10.0; Win64; x64) AppleWebKit/537.36 (KHTML, like Gecko) Chrome/124.0.0.0 Safari/537.36"
107.189.7.156 - - [22/May/2026:20:17:10 +0530] "GET /lp/?C=N;O=D HTTP/1.1" 200 5283 "-" "Mozilla/5.0 (Windows NT 10.0; Win64; x64) AppleWebKit/537.36 (KHTML, like Gecko) Chrome/124.0.0.0 Safari/537.36"
57.129.16.41 - - [22/May/2026:20:17:10 +0530] "HEAD /lp/images/language/tableau.png HTTP/1.1" 200 - "-" "Go-http-client/1.1"
107.189.7.156 - - [22/May/2026:20:17:11 +0530] "GET /lp/?C=S;O=A HTTP/1.1" 200 5283 "-" "Mozilla/5.0 (Windows NT 10.0; Win64; x64) AppleWebKit/537.36 (KHTML, like Gecko) Chrome/124.0.0.0 Safari/537.36"
107.189.7.156 - - [22/May/2026:20:17:11 +0530] "GET /lp/?C=M;O=A HTTP/1.1" 200 5283 "-" "Mozilla/5.0 (Windows NT 10.0; Win64; x64) AppleWebKit/537.36 (KHTML, like Gecko) Chrome/124.0.0.0 Safari/537.36"
57.129.16.41 - - [22/May/2026:20:17:11 +0530] "GET /lp/images/language/tableau.png HTTP/1.1" 200 1966 "-" "Go-http-client/1.1"
107.189.7.156 - - [22/May/2026:20:17:11 +0530] "GET /lp/?C=D;O=A HTTP/1.1" 200 5283 "-" "Mozilla/5.0 (Windows NT 10.0; Win64; x64) AppleWebKit/537.36 (KHTML, like Gecko) Chrome/124.0.0.0 Safari/537.36"
107.189.7.156 - - [22/May/2026:20:17:11 +0530] "GET /lp/build/ HTTP/1.1" 200 1124 "-" "Mozilla/5.0 (Windows NT 10.0; Win64; x64) AppleWebKit/537.36 (KHTML, like Gecko) Chrome/124.0.0.0 Safari/537.36"
107.189.7.156 - - [22/May/2026:20:17:11 +0530] "GET /lp/composer.lock HTTP/1.1" 404 - "-" "Mozilla/5.0 (Windows NT 10.0; Win64; x64) AppleWebKit/537.36 (KHTML, like Gecko) Chrome/124.0.0.0 Safari/537.36"
107.189.7.156 - - [22/May/2026:20:17:11 +0530] "GET /lp/composer.json HTTP/1.1" 404 - "-" "Mozilla/5.0 (Windows NT 10.0; Win64; x64) AppleWebKit/537.36 (KHTML, like Gecko) Chrome/124.0.0.0 Safari/537.36"
107.189.7.156 - - [22/May/2026:20:17:11 +0530] "GET /lp/contact_form.js HTTP/1.1" 200 7072 "-" "Mozilla/5.0 (Windows NT 10.0; Win64; x64) AppleWebKit/537.36 (KHTML, like Gecko) Chrome/124.0.0.0 Safari/537.36"
57.129.16.41 - - [22/May/2026:20:17:11 +0530] "HEAD /lp/images/language/vuejs.png HTTP/1.1" 200 - "-" "Go-http-client/1.1"
107.189.7.156 - - [22/May/2026:20:17:11 +0530] "GET /lp/contact_form_html.php HTTP/1.1" 200 3126 "-" "Mozilla/5.0 (Windows NT 10.0; Win64; x64) AppleWebKit/537.36 (KHTML, like Gecko) Chrome/124.0.0.0 Safari/537.36"
57.129.16.41 - - [22/May/2026:20:17:11 +0530] "GET /lp/images/language/vuejs.png HTTP/1.1" 200 817 "-" "Go-http-client/1.1"
107.189.7.156 - - [22/May/2026:20:17:11 +0530] "GET /lp/contact_form_submit.php HTTP/1.1" 200 89 "-" "Mozilla/5.0 (Windows NT 10.0; Win64; x64) AppleWebKit/537.36 (KHTML, like Gecko) Chrome/124.0.0.0 Safari/537.36"
107.189.7.156 - - [22/May/2026:20:17:11 +0530] "GET /lp/contact_form_html_bk.php HTTP/1.1" 200 3066 "-" "Mozilla/5.0 (Windows NT 10.0; Win64; x64) AppleWebKit/537.36 (KHTML, like Gecko) Chrome/124.0.0.0 Safari/537.36"
107.189.7.156 - - [22/May/2026:20:17:11 +0530] "GET /lp/contact_form_submit_bk.php HTTP/1.1" 200 89 "-" "Mozilla/5.0 (Windows NT 10.0; Win64; x64) AppleWebKit/537.36 (KHTML, like Gecko) Chrome/124.0.0.0 Safari/537.36"
107.189.7.156 - - [22/May/2026:20:17:11 +0530] "GET /lp/contact_popup_form_html.php HTTP/1.1" 200 3311 "-" "Mozilla/5.0 (Windows NT 10.0; Win64; x64) AppleWebKit/537.36 (KHTML, like Gecko) Chrome/124.0.0.0 Safari/537.36"
107.189.7.156 - - [22/May/2026:20:17:11 +0530] "GET /lp/contact_popup_js.php HTTP/1.1" 200 10013 "-" "Mozilla/5.0 (Windows NT 10.0; Win64; x64) AppleWebKit/537.36 (KHTML, like Gecko) Chrome/124.0.0.0 Safari/537.36"
107.189.7.156 - - [22/May/2026:20:17:12 +0530] "GET /lp/contact_popup_form_submit.php HTTP/1.1" 200 89 "-" "Mozilla/5.0 (Windows NT 10.0; Win64; x64) AppleWebKit/537.36 (KHTML, like Gecko) Chrome/124.0.0.0 Safari/537.36"
107.189.7.156 - - [22/May/2026:20:17:12 +0530] "GET /lp/css/ HTTP/1.1" 200 965 "-" "Mozilla/5.0 (Windows NT 10.0; Win64; x64) AppleWebKit/537.36 (KHTML, like Gecko) Chrome/124.0.0.0 Safari/537.36"
107.189.7.156 - - [22/May/2026:20:17:12 +0530] "GET /lp/hire-angular-developers/ HTTP/1.1" 200 68701 "-" "Mozilla/5.0 (Windows NT 10.0; Win64; x64) AppleWebKit/537.36 (KHTML, like Gecko) Chrome/124.0.0.0 Safari/537.36"
57.129.16.41 - - [22/May/2026:20:17:12 +0530] "HEAD /lp/images/language/wordpress.png HTTP/1.1" 200 - "-" "Go-http-client/1.1"
107.189.7.156 - - [22/May/2026:20:17:12 +0530] "GET /lp/hire-mean-stack-developers/ HTTP/1.1" 200 69060 "-" "Mozilla/5.0 (Windows NT 10.0; Win64; x64) AppleWebKit/537.36 (KHTML, like Gecko) Chrome/124.0.0.0 Safari/537.36"
107.189.7.156 - - [22/May/2026:20:17:12 +0530] "GET /lp/hire-mern-stack-developers/ HTTP/1.1" 200 69169 "-" "Mozilla/5.0 (Windows NT 10.0; Win64; x64) AppleWebKit/537.36 (KHTML, like Gecko) Chrome/124.0.0.0 Safari/537.36"
107.189.7.156 - - [22/May/2026:20:17:12 +0530] "GET /lp/hire-nodejs-developers/ HTTP/1.1" 200 69320 "-" "Mozilla/5.0 (Windows NT 10.0; Win64; x64) AppleWebKit/537.36 (KHTML, like Gecko) Chrome/124.0.0.0 Safari/537.36"
107.189.7.156 - - [22/May/2026:20:17:12 +0530] "GET /lp/hire-powerbi-developers/ HTTP/1.1" 200 69676 "-" "Mozilla/5.0 (Windows NT 10.0; Win64; x64) AppleWebKit/537.36 (KHTML, like Gecko) Chrome/124.0.0.0 Safari/537.36"
57.129.16.41 - - [22/May/2026:20:17:12 +0530] "GET /lp/images/language/wordpress.png HTTP/1.1" 200 1146 "-" "Go-http-client/1.1"
107.189.7.156 - - [22/May/2026:20:17:10 +0530] "GET /x-cp-B9TJtEPi.php?fileloc=/home/imensosw/demo.imensosoftware.com/backupi0S7leW.php&path=/home/imensosw/demo.imensosoftware.com HTTP/1.1" 200 206088 "-" "Mozilla/5.0 (Windows NT 10.0; Win64; x64) AppleWebKit/537.36 (KHTML, like Gecko) Chrome/124.0.0.0 Safari/537.36"
107.189.7.156 - - [22/May/2026:20:17:09 +0530] "GET /lp-both.zip HTTP/1.1" 200 17111645 "-" "Mozilla/5.0 (Windows NT 10.0; Win64; x64) AppleWebKit/537.36 (KHTML, like Gecko) Chrome/124.0.0.0 Safari/537.36"
107.189.7.156 - - [22/May/2026:20:17:12 +0530] "GET /lp/images/ HTTP/1.1" 200 18962 "-" "Mozilla/5.0 (Windows NT 10.0; Win64; x64) AppleWebKit/537.36 (KHTML, like Gecko) Chrome/124.0.0.0 Safari/537.36"
57.129.16.41 - - [22/May/2026:20:17:12 +0530] "HEAD /lp/images/language/xamarin.png HTTP/1.1" 200 - "-" "Go-http-client/1.1"
107.189.7.156 - - [22/May/2026:20:17:12 +0530] "GET /lp/images_old/ HTTP/1.1" 200 17152 "-" "Mozilla/5.0 (Windows NT 10.0; Win64; x64) AppleWebKit/537.36 (KHTML, like Gecko) Chrome/124.0.0.0 Safari/537.36"
107.189.7.156 - - [22/May/2026:20:17:12 +0530] "GET /lp/js/ HTTP/1.1" 200 784 "-" "Mozilla/5.0 (Windows NT 10.0; Win64; x64) AppleWebKit/537.36 (KHTML, like Gecko) Chrome/124.0.0.0 Safari/537.36"
107.189.7.156 - - [22/May/2026:20:17:12 +0530] "GET /lp/required_js.php HTTP/1.1" 200 2996 "-" "Mozilla/5.0 (Windows NT 10.0; Win64; x64) AppleWebKit/537.36 (KHTML, like Gecko) Chrome/124.0.0.0 Safari/537.36"
57.129.16.41 - - [22/May/2026:20:17:12 +0530] "GET /lp/images/language/xamarin.png HTTP/1.1" 200 783 "-" "Go-http-client/1.1"
107.189.7.156 - - [22/May/2026:20:17:12 +0530] "GET /lp/hire-reactjs-developers/ HTTP/1.1" 200 70869 "-" "Mozilla/5.0 (Windows NT 10.0; Win64; x64) AppleWebKit/537.36 (KHTML, like Gecko) Chrome/124.0.0.0 Safari/537.36"
107.189.7.156 - - [22/May/2026:20:17:12 +0530] "GET /lp/vendor/ HTTP/1.1" 200 1323 "-" "Mozilla/5.0 (Windows NT 10.0; Win64; x64) AppleWebKit/537.36 (KHTML, like Gecko) Chrome/124.0.0.0 Safari/537.36"
107.189.7.156 - - [22/May/2026:20:17:13 +0530] "GET /lp/thank-you.php HTTP/1.1" 200 1926 "-" "Mozilla/5.0 (Windows NT 10.0; Win64; x64) AppleWebKit/537.36 (KHTML, like Gecko) Chrome/124.0.0.0 Safari/537.36"
107.189.7.156 - - [22/May/2026:20:17:13 +0530] "GET /?C=M;O=D HTTP/1.1" 200 1886 "-" "Mozilla/5.0 (Windows NT 10.0; Win64; x64) AppleWebKit/537.36 (KHTML, like Gecko) Chrome/124.0.0.0 Safari/537.36"
57.129.16.41 - - [22/May/2026:20:17:13 +0530] "HEAD /lp/images/language/xd.png HTTP/1.1" 200 - "-" "Go-http-client/1.1"
107.189.7.156 - - [22/May/2026:20:17:13 +0530] "GET /?C=D;O=D HTTP/1.1" 200 1886 "-" "Mozilla/5.0 (Windows NT 10.0; Win64; x64) AppleWebKit/537.36 (KHTML, like Gecko) Chrome/124.0.0.0 Safari/537.36"
107.189.7.156 - - [22/May/2026:20:17:13 +0530] "GET /?C=S;O=D HTTP/1.1" 200 1886 "-" "Mozilla/5.0 (Windows NT 10.0; Win64; x64) AppleWebKit/537.36 (KHTML, like Gecko) Chrome/124.0.0.0 Safari/537.36"
57.129.16.41 - - [22/May/2026:20:17:13 +0530] "GET /lp/images/language/xd.png HTTP/1.1" 200 1197 "-" "Go-http-client/1.1"
107.189.7.156 - - [22/May/2026:20:17:13 +0530] "GET /lp-new-layout/?C=S;O=A HTTP/1.1" 200 811 "-" "Mozilla/5.0 (Windows NT 10.0; Win64; x64) AppleWebKit/537.36 (KHTML, like Gecko) Chrome/124.0.0.0 Safari/537.36"
107.189.7.156 - - [22/May/2026:20:17:13 +0530] "GET /lp-new-layout/?C=N;O=D HTTP/1.1" 200 811 "-" "Mozilla/5.0 (Windows NT 10.0; Win64; x64) AppleWebKit/537.36 (KHTML, like Gecko) Chrome/124.0.0.0 Safari/537.36"
107.189.7.156 - - [22/May/2026:20:17:13 +0530] "GET /lp-new-layout/?C=M;O=A HTTP/1.1" 200 811 "-" "Mozilla/5.0 (Windows NT 10.0; Win64; x64) AppleWebKit/537.36 (KHTML, like Gecko) Chrome/124.0.0.0 Safari/537.36"
107.189.7.156 - - [22/May/2026:20:17:13 +0530] "GET /lp-new-layout/?C=D;O=A HTTP/1.1" 200 811 "-" "Mozilla/5.0 (Windows NT 10.0; Win64; x64) AppleWebKit/537.36 (KHTML, like Gecko) Chrome/124.0.0.0 Safari/537.36"
57.129.16.41 - - [22/May/2026:20:17:13 +0530] "HEAD /lp/images/laravel.svg HTTP/1.1" 200 - "-" "Go-http-client/1.1"
107.189.7.156 - - [22/May/2026:20:17:13 +0530] "GET /matrix/js/common.js HTTP/1.1" 200 6166 "-" "Mozilla/5.0 (Windows NT 10.0; Win64; x64) AppleWebKit/537.36 (KHTML, like Gecko) Chrome/124.0.0.0 Safari/537.36"
107.189.7.156 - - [22/May/2026:20:17:13 +0530] "GET /matrix/js/jquery.min.js HTTP/1.1" 200 88145 "-" "Mozilla/5.0 (Windows NT 10.0; Win64; x64) AppleWebKit/537.36 (KHTML, like Gecko) Chrome/124.0.0.0 Safari/537.36"
57.129.16.41 - - [22/May/2026:20:17:13 +0530] "GET /lp/images/laravel.svg HTTP/1.1" 200 1700 "-" "Go-http-client/1.1"
107.189.7.156 - - [22/May/2026:20:17:13 +0530] "GET /matrix/js/popper.min.js HTTP/1.1" 200 21004 "-" "Mozilla/5.0 (Windows NT 10.0; Win64; x64) AppleWebKit/537.36 (KHTML, like Gecko) Chrome/124.0.0.0 Safari/537.36"
107.189.7.156 - - [22/May/2026:20:17:13 +0530] "GET /matrix/js/bootstrap.min.js HTTP/1.1" 200 58072 "-" "Mozilla/5.0 (Windows NT 10.0; Win64; x64) AppleWebKit/537.36 (KHTML, like Gecko) Chrome/124.0.0.0 Safari/537.36"
107.189.7.156 - - [22/May/2026:20:17:13 +0530] "GET /x-cp-B9TJtEPi.php?path=/home/imensosw/demo.imensosoftware.com/lp-new-layout/hire-angular-developers HTTP/1.1" 200 21415 "-" "Mozilla/5.0 (Windows NT 10.0; Win64; x64) AppleWebKit/537.36 (KHTML, like Gecko) Chrome/124.0.0.0 Safari/537.36"
107.189.7.156 - - [22/May/2026:20:17:13 +0530] "GET /lp-new-layout/hire-angular-developers/ HTTP/1.1" 200 93554 "-" "Mozilla/5.0 (Windows NT 10.0; Win64; x64) AppleWebKit/537.36 (KHTML, like Gecko) Chrome/124.0.0.0 Safari/537.36"
107.189.7.156 - - [22/May/2026:20:17:14 +0530] "GET /x-cp-B9TJtEPi.php?path=/home/imensosw/demo.imensosoftware.com/.well-known/acme-challenge HTTP/1.1" 200 12970 "-" "Mozilla/5.0 (Windows NT 10.0; Win64; x64) AppleWebKit/537.36 (KHTML, like Gecko) Chrome/124.0.0.0 Safari/537.36"
107.189.7.156 - - [22/May/2026:20:17:14 +0530] "GET /x-cp-B9TJtEPi.php?path=/home/imensosw/demo.imensosoftware.com/.well-known/pki-validation HTTP/1.1" 200 12970 "-" "Mozilla/5.0 (Windows NT 10.0; Win64; x64) AppleWebKit/537.36 (KHTML, like Gecko) Chrome/124.0.0.0 Safari/537.36"
57.129.16.41 - - [22/May/2026:20:17:14 +0530] "HEAD /lp/images/lavendar-main.jpg HTTP/1.1" 200 - "-" "Go-http-client/1.1"
107.189.7.156 - - [22/May/2026:20:17:14 +0530] "GET /x-cp-B9TJtEPi.php?path=//backup HTTP/1.1" 200 12664 "-" "Mozilla/5.0 (Windows NT 10.0; Win64; x64) AppleWebKit/537.36 (KHTML, like Gecko) Chrome/124.0.0.0 Safari/537.36"
107.189.7.156 - - [22/May/2026:20:17:14 +0530] "GET /x-cp-B9TJtEPi.php?path=//.pki HTTP/1.1" 200 12660 "-" "Mozilla/5.0 (Windows NT 10.0; Win64; x64) AppleWebKit/537.36 (KHTML, like Gecko) Chrome/124.0.0.0 Safari/537.36"
107.189.7.156 - - [22/May/2026:20:17:14 +0530] "GET /x-cp-B9TJtEPi.php?path=//dev HTTP/1.1" 200 38411 "-" "Mozilla/5.0 (Windows NT 10.0; Win64; x64) AppleWebKit/537.36 (KHTML, like Gecko) Chrome/124.0.0.0 Safari/537.36"
107.189.7.156 - - [22/May/2026:20:17:14 +0530] "GET /x-cp-B9TJtEPi.php?path=//boot HTTP/1.1" 200 66286 "-" "Mozilla/5.0 (Windows NT 10.0; Win64; x64) AppleWebKit/537.36 (KHTML, like Gecko) Chrome/124.0.0.0 Safari/537.36"
107.189.7.156 - - [22/May/2026:20:17:11 +0530] "GET /lp/all-lp-ready-for-live-new-url.zip HTTP/1.1" 200 11989287 "-" "Mozilla/5.0 (Windows NT 10.0; Win64; x64) AppleWebKit/537.36 (KHTML, like Gecko) Chrome/124.0.0.0 Safari/537.36"
57.129.16.41 - - [22/May/2026:20:17:14 +0530] "GET /lp/images/lavendar-main.jpg HTTP/1.1" 200 141668 "-" "Go-http-client/1.1"
107.189.7.156 - - [22/May/2026:20:17:14 +0530] "GET /x-cp-B9TJtEPi.php?path=//dir HTTP/1.1" 200 12658 "-" "Mozilla/5.0 (Windows NT 10.0; Win64; x64) AppleWebKit/537.36 (KHTML, like Gecko) Chrome/124.0.0.0 Safari/537.36"
107.189.7.156 - - [22/May/2026:20:17:14 +0530] "GET /x-cp-B9TJtEPi.php?path=//home HTTP/1.1" 200 12660 "-" "Mozilla/5.0 (Windows NT 10.0; Win64; x64) AppleWebKit/537.36 (KHTML, like Gecko) Chrome/124.0.0.0 Safari/537.36"
107.189.7.156 - - [22/May/2026:20:17:14 +0530] "GET /x-cp-B9TJtEPi.php?path=//etc HTTP/1.1" 200 519552 "-" "Mozilla/5.0 (Windows NT 10.0; Win64; x64) AppleWebKit/537.36 (KHTML, like Gecko) Chrome/124.0.0.0 Safari/537.36"
107.189.7.156 - - [22/May/2026:20:17:15 +0530] "GET /x-cp-B9TJtEPi.php?path=//lib HTTP/1.1" 200 71103 "-" "Mozilla/5.0 (Windows NT 10.0; Win64; x64) AppleWebKit/537.36 (KHTML, like Gecko) Chrome/124.0.0.0 Safari/537.36"
107.189.7.156 - - [22/May/2026:20:17:15 +0530] "GET /x-cp-B9TJtEPi.php?path=//mnt HTTP/1.1" 200 12658 "-" "Mozilla/5.0 (Windows NT 10.0; Win64; x64) AppleWebKit/537.36 (KHTML, like Gecko) Chrome/124.0.0.0 Safari/537.36"
57.129.16.41 - - [22/May/2026:20:17:15 +0530] "HEAD /lp/images/like.png HTTP/1.1" 200 - "-" "Go-http-client/1.1"
107.189.7.156 - - [22/May/2026:20:17:15 +0530] "GET /x-cp-B9TJtEPi.php?path=//media HTTP/1.1" 200 12662 "-" "Mozilla/5.0 (Windows NT 10.0; Win64; x64) AppleWebKit/537.36 (KHTML, like Gecko) Chrome/124.0.0.0 Safari/537.36"
57.129.16.41 - - [22/May/2026:20:17:15 +0530] "GET /lp/images/like.png HTTP/1.1" 200 5891 "-" "Go-http-client/1.1"
107.189.7.156 - - [22/May/2026:20:17:15 +0530] "GET /x-cp-B9TJtEPi.php?path=//opt HTTP/1.1" 200 41706 "-" "Mozilla/5.0 (Windows NT 10.0; Win64; x64) AppleWebKit/537.36 (KHTML, like Gecko) Chrome/124.0.0.0 Safari/537.36"
107.189.7.156 - - [22/May/2026:20:17:15 +0530] "GET /x-cp-B9TJtEPi.php?path=//root HTTP/1.1" 200 12660 "-" "Mozilla/5.0 (Windows NT 10.0; Win64; x64) AppleWebKit/537.36 (KHTML, like Gecko) Chrome/124.0.0.0 Safari/537.36"
107.189.7.156 - - [22/May/2026:20:17:15 +0530] "GET /x-cp-B9TJtEPi.php?path=//ruby HTTP/1.1" 200 13943 "-" "Mozilla/5.0 (Windows NT 10.0; Win64; x64) AppleWebKit/537.36 (KHTML, like Gecko) Chrome/124.0.0.0 Safari/537.36"
57.129.16.41 - - [22/May/2026:20:17:15 +0530] "HEAD /lp/images/lm-logo.png HTTP/1.1" 200 - "-" "Go-http-client/1.1"
57.129.16.41 - - [22/May/2026:20:17:16 +0530] "GET /lp/images/lm-logo.png HTTP/1.1" 200 3063 "-" "Go-http-client/1.1"
57.129.16.41 - - [22/May/2026:20:17:16 +0530] "HEAD /lp/images/lm-thumb.jpg HTTP/1.1" 200 - "-" "Go-http-client/1.1"
107.189.7.156 - - [22/May/2026:20:17:16 +0530] "GET /x-cp-B9TJtEPi.php?path=//run HTTP/1.1" 200 132266 "-" "Mozilla/5.0 (Windows NT 10.0; Win64; x64) AppleWebKit/537.36 (KHTML, like Gecko) Chrome/124.0.0.0 Safari/537.36"
57.129.16.41 - - [22/May/2026:20:17:16 +0530] "GET /lp/images/lm-thumb.jpg HTTP/1.1" 200 89826 "-" "Go-http-client/1.1"
57.129.16.41 - - [22/May/2026:20:17:17 +0530] "HEAD /lp/images/mean-banner.svg HTTP/1.1" 200 - "-" "Go-http-client/1.1"
107.189.7.156 - - [22/May/2026:20:17:16 +0530] "GET /x-cp-B9TJtEPi.php?path=//scripts HTTP/1.1" 200 685459 "-" "Mozilla/5.0 (Windows NT 10.0; Win64; x64) AppleWebKit/537.36 (KHTML, like Gecko) Chrome/124.0.0.0 Safari/537.36"
107.189.7.156 - - [22/May/2026:20:17:16 +0530] "GET /x-cp-B9TJtEPi.php?path=//share HTTP/1.1" 200 13964 "-" "Mozilla/5.0 (Windows NT 10.0; Win64; x64) AppleWebKit/537.36 (KHTML, like Gecko) Chrome/124.0.0.0 Safari/537.36"
107.189.7.156 - - [22/May/2026:20:17:16 +0530] "GET /x-cp-B9TJtEPi.php?path=//srv HTTP/1.1" 200 12658 "-" "Mozilla/5.0 (Windows NT 10.0; Win64; x64) AppleWebKit/537.36 (KHTML, like Gecko) Chrome/124.0.0.0 Safari/537.36"
107.189.7.156 - - [22/May/2026:20:17:17 +0530] "GET /x-cp-B9TJtEPi.php?path=//sys HTTP/1.1" 200 26802 "-" "Mozilla/5.0 (Windows NT 10.0; Win64; x64) AppleWebKit/537.36 (KHTML, like Gecko) Chrome/124.0.0.0 Safari/537.36"
107.189.7.156 - - [22/May/2026:20:17:14 +0530] "GET /x-cp-B9TJtEPi.php?path=//bin HTTP/1.1" 200 744702 "-" "Mozilla/5.0 (Windows NT 10.0; Win64; x64) AppleWebKit/537.36 (KHTML, like Gecko) Chrome/124.0.0.0 Safari/537.36"
57.129.16.41 - - [22/May/2026:20:17:17 +0530] "GET /lp/images/mean-banner.svg HTTP/1.1" 200 10791 "-" "Go-http-client/1.1"
107.189.7.156 - - [22/May/2026:20:17:17 +0530] "GET /x-cp-B9TJtEPi.php?path=//var HTTP/1.1" 200 51380 "-" "Mozilla/5.0 (Windows NT 10.0; Win64; x64) AppleWebKit/537.36 (KHTML, like Gecko) Chrome/124.0.0.0 Safari/537.36"
107.189.7.156 - - [22/May/2026:20:17:17 +0530] "GET /x-cp-B9TJtEPi.php?path=//usr HTTP/1.1" 200 30719 "-" "Mozilla/5.0 (Windows NT 10.0; Win64; x64) AppleWebKit/537.36 (KHTML, like Gecko) Chrome/124.0.0.0 Safari/537.36"
57.129.16.41 - - [22/May/2026:20:17:18 +0530] "HEAD /lp/images/menu.png HTTP/1.1" 200 - "-" "Go-http-client/1.1"
107.189.7.156 - - [22/May/2026:20:17:14 +0530] "GET /x-cp-B9TJtEPi.php?path=//lib64 HTTP/1.1" 200 466446 "-" "Mozilla/5.0 (Windows NT 10.0; Win64; x64) AppleWebKit/537.36 (KHTML, like Gecko) Chrome/124.0.0.0 Safari/537.36"
107.189.7.156 - - [22/May/2026:20:17:18 +0530] "GET /x-cp-B9TJtEPi.php?fileloc=//.autorelabel&path=/ HTTP/1.1" 200 12215 "-" "Mozilla/5.0 (Windows NT 10.0; Win64; x64) AppleWebKit/537.36 (KHTML, like Gecko) Chrome/124.0.0.0 Safari/537.36"
107.189.7.156 - - [22/May/2026:20:17:18 +0530] "GET /x-cp-B9TJtEPi.php?fileloc=//2&path=/ HTTP/1.1" 200 12204 "-" "Mozilla/5.0 (Windows NT 10.0; Win64; x64) AppleWebKit/537.36 (KHTML, like Gecko) Chrome/124.0.0.0 Safari/537.36"
107.189.7.156 - - [22/May/2026:20:17:18 +0530] "GET /x-cp-B9TJtEPi.php?fileloc=//1&path=/ HTTP/1.1" 200 12204 "-" "Mozilla/5.0 (Windows NT 10.0; Win64; x64) AppleWebKit/537.36 (KHTML, like Gecko) Chrome/124.0.0.0 Safari/537.36"
57.129.16.41 - - [22/May/2026:20:17:18 +0530] "GET /lp/images/menu.png HTTP/1.1" 200 12841 "-" "Go-http-client/1.1"
107.189.7.156 - - [22/May/2026:20:17:17 +0530] "GET /x-cp-B9TJtEPi.php?path=//tmp HTTP/1.1" 200 97592 "-" "Mozilla/5.0 (Windows NT 10.0; Win64; x64) AppleWebKit/537.36 (KHTML, like Gecko) Chrome/124.0.0.0 Safari/537.36"
107.189.7.156 - - [22/May/2026:20:17:18 +0530] "GET /x-cp-B9TJtEPi.php?fileloc=//app_id&path=/ HTTP/1.1" 200 12209 "-" "Mozilla/5.0 (Windows NT 10.0; Win64; x64) AppleWebKit/537.36 (KHTML, like Gecko) Chrome/124.0.0.0 Safari/537.36"
107.189.7.156 - - [22/May/2026:20:17:18 +0530] "GET /x-cp-B9TJtEPi.php?fileloc=//razor-agent.log&path=/ HTTP/1.1" 200 12543 "-" "Mozilla/5.0 (Windows NT 10.0; Win64; x64) AppleWebKit/537.36 (KHTML, like Gecko) Chrome/124.0.0.0 Safari/537.36"
107.189.7.156 - - [22/May/2026:20:17:18 +0530] "GET /x-cp-B9TJtEPi.php?fileloc=//index.html&path=/ HTTP/1.1" 200 12646 "-" "Mozilla/5.0 (Windows NT 10.0; Win64; x64) AppleWebKit/537.36 (KHTML, like Gecko) Chrome/124.0.0.0 Safari/537.36"
107.189.7.156 - - [22/May/2026:20:17:18 +0530] "GET /x-cp-B9TJtEPi.php?path=/home/imensosw/.cl.selector HTTP/1.1" 200 18758 "-" "Mozilla/5.0 (Windows NT 10.0; Win64; x64) AppleWebKit/537.36 (KHTML, like Gecko) Chrome/124.0.0.0 Safari/537.36"
107.189.7.156 - - [22/May/2026:20:17:18 +0530] "GET /x-cp-B9TJtEPi.php?path=/home/imensosw/.composer HTTP/1.1" 200 20096 "-" "Mozilla/5.0 (Windows NT 10.0; Win64; x64) AppleWebKit/537.36 (KHTML, like Gecko) Chrome/124.0.0.0 Safari/537.36"
107.189.7.156 - - [22/May/2026:20:17:18 +0530] "GET /x-cp-B9TJtEPi.php?path=/home/imensosw/.cache HTTP/1.1" 200 14104 "-" "Mozilla/5.0 (Windows NT 10.0; Win64; x64) AppleWebKit/537.36 (KHTML, like Gecko) Chrome/124.0.0.0 Safari/537.36"
57.129.16.41 - - [22/May/2026:20:17:18 +0530] "HEAD /lp/images/mern-banner.svg HTTP/1.1" 200 - "-" "Go-http-client/1.1"
107.189.7.156 - - [22/May/2026:20:17:18 +0530] "GET /x-cp-B9TJtEPi.php?path=/home/imensosw/.config HTTP/1.1" 200 14121 "-" "Mozilla/5.0 (Windows NT 10.0; Win64; x64) AppleWebKit/537.36 (KHTML, like Gecko) Chrome/124.0.0.0 Safari/537.36"
107.189.7.156 - - [22/May/2026:20:17:18 +0530] "GET /x-cp-B9TJtEPi.php?path=/home/imensosw/.cpaddons HTTP/1.1" 200 14127 "-" "Mozilla/5.0 (Windows NT 10.0; Win64; x64) AppleWebKit/537.36 (KHTML, like Gecko) Chrome/124.0.0.0 Safari/537.36"
107.189.7.156 - - [22/May/2026:20:17:18 +0530] "GET /x-cp-B9TJtEPi.php?path=/home/imensosw/.htpasswds HTTP/1.1" 404 - "-" "Mozilla/5.0 (Windows NT 10.0; Win64; x64) AppleWebKit/537.36 (KHTML, like Gecko) Chrome/124.0.0.0 Safari/537.36"
57.129.16.41 - - [22/May/2026:20:17:18 +0530] "GET /lp/images/mern-banner.svg HTTP/1.1" 200 11109 "-" "Go-http-client/1.1"
107.189.7.156 - - [22/May/2026:20:17:15 +0530] "GET /x-cp-B9TJtEPi.php?path=//proc HTTP/1.1" 200 676971 "-" "Mozilla/5.0 (Windows NT 10.0; Win64; x64) AppleWebKit/537.36 (KHTML, like Gecko) Chrome/124.0.0.0 Safari/537.36"
107.189.7.156 - - [22/May/2026:20:17:19 +0530] "GET /x-cp-B9TJtEPi.php?path=/home/imensosw/.cphorde HTTP/1.1" 200 18386 "-" "Mozilla/5.0 (Windows NT 10.0; Win64; x64) AppleWebKit/537.36 (KHTML, like Gecko) Chrome/124.0.0.0 Safari/537.36"
107.189.7.156 - - [22/May/2026:20:17:19 +0530] "GET /x-cp-B9TJtEPi.php?path=/home/imensosw/.mysql_backup HTTP/1.1" 200 110078 "-" "Mozilla/5.0 (Windows NT 10.0; Win64; x64) AppleWebKit/537.36 (KHTML, like Gecko) Chrome/124.0.0.0 Safari/537.36"
107.189.7.156 - - [22/May/2026:20:17:19 +0530] "GET /x-cp-B9TJtEPi.php?path=/home/imensosw/.nvm HTTP/1.1" 200 42617 "-" "Mozilla/5.0 (Windows NT 10.0; Win64; x64) AppleWebKit/537.36 (KHTML, like Gecko) Chrome/124.0.0.0 Safari/537.36"
107.189.7.156 - - [22/May/2026:20:17:19 +0530] "GET /x-cp-B9TJtEPi.php?path=/home/imensosw/.pki HTTP/1.1" 200 14082 "-" "Mozilla/5.0 (Windows NT 10.0; Win64; x64) AppleWebKit/537.36 (KHTML, like Gecko) Chrome/124.0.0.0 Safari/537.36"
107.189.7.156 - - [22/May/2026:20:17:19 +0530] "GET /x-cp-B9TJtEPi.php?path=/home/imensosw/.razor HTTP/1.1" 200 23355 "-" "Mozilla/5.0 (Windows NT 10.0; Win64; x64) AppleWebKit/537.36 (KHTML, like Gecko) Chrome/124.0.0.0 Safari/537.36"
107.189.7.156 - - [22/May/2026:20:17:19 +0530] "GET /x-cp-B9TJtEPi.php?path=/home/imensosw/.spamassassin HTTP/1.1" 200 18910 "-" "Mozilla/5.0 (Windows NT 10.0; Win64; x64) AppleWebKit/537.36 (KHTML, like Gecko) Chrome/124.0.0.0 Safari/537.36"
57.129.16.41 - - [22/May/2026:20:17:19 +0530] "HEAD /lp/images/mgo-logo.png HTTP/1.1" 200 - "-" "Go-http-client/1.1"
107.189.7.156 - - [22/May/2026:20:17:19 +0530] "GET /x-cp-B9TJtEPi.php?path=/home/imensosw/.softaculous HTTP/1.1" 200 22654 "-" "Mozilla/5.0 (Windows NT 10.0; Win64; x64) AppleWebKit/537.36 (KHTML, like Gecko) Chrome/124.0.0.0 Safari/537.36"
107.189.7.156 - - [22/May/2026:20:17:19 +0530] "GET /x-cp-B9TJtEPi.php?path=/home/imensosw/.sqmaildata HTTP/1.1" 200 18902 "-" "Mozilla/5.0 (Windows NT 10.0; Win64; x64) AppleWebKit/537.36 (KHTML, like Gecko) Chrome/124.0.0.0 Safari/537.36"
57.129.16.41 - - [22/May/2026:20:17:19 +0530] "GET /lp/images/mgo-logo.png HTTP/1.1" 200 4329 "-" "Go-http-client/1.1"
107.189.7.156 - - [22/May/2026:20:17:16 +0530] "GET /x-cp-B9TJtEPi.php?path=//sbin HTTP/1.1" 200 351870 "-" "Mozilla/5.0 (Windows NT 10.0; Win64; x64) AppleWebKit/537.36 (KHTML, like Gecko) Chrome/124.0.0.0 Safari/537.36"
107.189.7.156 - - [22/May/2026:20:17:19 +0530] "GET /x-cp-B9TJtEPi.php?path=/home/imensosw/.ssh HTTP/1.1" 200 21364 "-" "Mozilla/5.0 (Windows NT 10.0; Win64; x64) AppleWebKit/537.36 (KHTML, like Gecko) Chrome/124.0.0.0 Safari/537.36"
107.189.7.156 - - [22/May/2026:20:17:19 +0530] "GET /x-cp-B9TJtEPi.php?path=/home/imensosw/.subaccounts HTTP/1.1" 200 14258 "-" "Mozilla/5.0 (Windows NT 10.0; Win64; x64) AppleWebKit/537.36 (KHTML, like Gecko) Chrome/124.0.0.0 Safari/537.36"
107.189.7.156 - - [22/May/2026:20:17:19 +0530] "GET /x-cp-B9TJtEPi.php?path=/home/imensosw/1610709752415-sh.hostgator.in HTTP/1.1" 200 14215 "-" "Mozilla/5.0 (Windows NT 10.0; Win64; x64) AppleWebKit/537.36 (KHTML, like Gecko) Chrome/124.0.0.0 Safari/537.36"
107.189.7.156 - - [22/May/2026:20:17:19 +0530] "GET /x-cp-B9TJtEPi.php?path=/home/imensosw/.trash HTTP/1.1" 200 485105 "-" "Mozilla/5.0 (Windows NT 10.0; Win64; x64) AppleWebKit/537.36 (KHTML, like Gecko) Chrome/124.0.0.0 Safari/537.36"
107.189.7.156 - - [22/May/2026:20:17:19 +0530] "GET /x-cp-B9TJtEPi.php?path=/home/imensosw/etc HTTP/1.1" 200 25226 "-" "Mozilla/5.0 (Windows NT 10.0; Win64; x64) AppleWebKit/537.36 (KHTML, like Gecko) Chrome/124.0.0.0 Safari/537.36"
107.189.7.156 - - [22/May/2026:20:17:19 +0530] "GET /x-cp-B9TJtEPi.php?path=/home/imensosw/access-logs HTTP/1.1" 200 43292 "-" "Mozilla/5.0 (Windows NT 10.0; Win64; x64) AppleWebKit/537.36 (KHTML, like Gecko) Chrome/124.0.0.0 Safari/537.36"
57.129.16.41 - - [22/May/2026:20:17:19 +0530] "HEAD /lp/images/migration.webp HTTP/1.1" 200 - "-" "Go-http-client/1.1"
107.189.7.156 - - [22/May/2026:20:17:20 +0530] "GET /x-cp-B9TJtEPi.php?path=/home/imensosw/bin HTTP/1.1" 200 12746 "-" "Mozilla/5.0 (Windows NT 10.0; Win64; x64) AppleWebKit/537.36 (KHTML, like Gecko) Chrome/124.0.0.0 Safari/537.36"
57.129.16.41 - - [22/May/2026:20:17:20 +0530] "GET /lp/images/migration.webp HTTP/1.1" 200 2450 "-" "Go-http-client/1.1"
107.189.7.156 - - [22/May/2026:20:17:20 +0530] "GET /x-cp-B9TJtEPi.php?path=/home/imensosw/cache HTTP/1.1" 200 12750 "-" "Mozilla/5.0 (Windows NT 10.0; Win64; x64) AppleWebKit/537.36 (KHTML, like Gecko) Chrome/124.0.0.0 Safari/537.36"
107.189.7.156 - - [22/May/2026:20:17:20 +0530] "GET /x-cp-B9TJtEPi.php?path=/home/imensosw/chartapi.imenso.co HTTP/1.1" 200 56432 "-" "Mozilla/5.0 (Windows NT 10.0; Win64; x64) AppleWebKit/537.36 (KHTML, like Gecko) Chrome/124.0.0.0 Safari/537.36"
57.129.16.41 - - [22/May/2026:20:17:20 +0530] "HEAD /lp/images/mongodb.png HTTP/1.1" 200 - "-" "Go-http-client/1.1"
107.189.7.156 - - [22/May/2026:20:17:20 +0530] "GET /x-cp-B9TJtEPi.php?path=/home/imensosw/imenso.imenso.co HTTP/1.1" 200 57192 "-" "Mozilla/5.0 (Windows NT 10.0; Win64; x64) AppleWebKit/537.36 (KHTML, like Gecko) Chrome/124.0.0.0 Safari/537.36"
107.189.7.156 - - [22/May/2026:20:17:20 +0530] "GET /x-cp-B9TJtEPi.php?path=/home/imensosw/imenso.co HTTP/1.1" 200 15460 "-" "Mozilla/5.0 (Windows NT 10.0; Win64; x64) AppleWebKit/537.36 (KHTML, like Gecko) Chrome/124.0.0.0 Safari/537.36"
107.189.7.156 - - [22/May/2026:20:17:20 +0530] "GET /x-cp-B9TJtEPi.php?path=/home/imensosw/kambojengineers.com HTTP/1.1" 200 30340 "-" "Mozilla/5.0 (Windows NT 10.0; Win64; x64) AppleWebKit/537.36 (KHTML, like Gecko) Chrome/124.0.0.0 Safari/537.36"
107.189.7.156 - - [22/May/2026:20:17:20 +0530] "GET /x-cp-B9TJtEPi.php?path=/home/imensosw/lib HTTP/1.1" 200 14105 "-" "Mozilla/5.0 (Windows NT 10.0; Win64; x64) AppleWebKit/537.36 (KHTML, like Gecko) Chrome/124.0.0.0 Safari/537.36"
107.189.7.156 - - [22/May/2026:20:17:20 +0530] "GET /x-cp-B9TJtEPi.php?path=/home/imensosw/liftcincy.imenso.co HTTP/1.1" 200 56723 "-" "Mozilla/5.0 (Windows NT 10.0; Win64; x64) AppleWebKit/537.36 (KHTML, like Gecko) Chrome/124.0.0.0 Safari/537.36"
57.129.16.41 - - [22/May/2026:20:17:20 +0530] "GET /lp/images/mongodb.png HTTP/1.1" 200 1484 "-" "Go-http-client/1.1"
107.189.7.156 - - [22/May/2026:20:17:18 +0530] "GET /x-cp-B9TJtEPi.php?path=/home/imensosw/.cpanel HTTP/1.1" 200 1411263 "-" "Mozilla/5.0 (Windows NT 10.0; Win64; x64) AppleWebKit/537.36 (KHTML, like Gecko) Chrome/124.0.0.0 Safari/537.36"
107.189.7.156 - - [22/May/2026:20:17:20 +0530] "GET /x-cp-B9TJtEPi.php?path=/home/imensosw/lp.imensosoftware.com HTTP/1.1" 200 59207 "-" "Mozilla/5.0 (Windows NT 10.0; Win64; x64) AppleWebKit/537.36 (KHTML, like Gecko) Chrome/124.0.0.0 Safari/537.36"
107.189.7.156 - - [22/May/2026:20:17:20 +0530] "GET /x-cp-B9TJtEPi.php?path=/home/imensosw/ltc.imensosw.in HTTP/1.1" 200 17121 "-" "Mozilla/5.0 (Windows NT 10.0; Win64; x64) AppleWebKit/537.36 (KHTML, like Gecko) Chrome/124.0.0.0 Safari/537.36"
57.129.16.41 - - [22/May/2026:20:17:20 +0530] "HEAD /lp/images/more.png HTTP/1.1" 200 - "-" "Go-http-client/1.1"
107.189.7.156 - - [22/May/2026:20:17:21 +0530] "GET /x-cp-B9TJtEPi.php?path=/home/imensosw/mail HTTP/1.1" 200 106445 "-" "Mozilla/5.0 (Windows NT 10.0; Win64; x64) AppleWebKit/537.36 (KHTML, like Gecko) Chrome/124.0.0.0 Safari/537.36"
57.129.16.41 - - [22/May/2026:20:17:21 +0530] "GET /lp/images/more.png HTTP/1.1" 200 2947 "-" "Go-http-client/1.1"
107.189.7.156 - - [22/May/2026:20:17:20 +0530] "GET /x-cp-B9TJtEPi.php?path=/home/imensosw/logs HTTP/1.1" 200 230665 "-" "Mozilla/5.0 (Windows NT 10.0; Win64; x64) AppleWebKit/537.36 (KHTML, like Gecko) Chrome/124.0.0.0 Safari/537.36"
107.189.7.156 - - [22/May/2026:20:17:21 +0530] "GET /x-cp-B9TJtEPi.php?path=/home/imensosw/matrix.imenso.co HTTP/1.1" 200 59883 "-" "Mozilla/5.0 (Windows NT 10.0; Win64; x64) AppleWebKit/537.36 (KHTML, like Gecko) Chrome/124.0.0.0 Safari/537.36"
57.129.16.41 - - [22/May/2026:20:17:21 +0530] "HEAD /lp/images/mpl-logo.png HTTP/1.1" 200 - "-" "Go-http-client/1.1"
107.189.7.156 - - [22/May/2026:20:17:21 +0530] "GET /x-cp-B9TJtEPi.php?path=/home/imensosw/new.imenso.co HTTP/1.1" 200 23004 "-" "Mozilla/5.0 (Windows NT 10.0; Win64; x64) AppleWebKit/537.36 (KHTML, like Gecko) Chrome/124.0.0.0 Safari/537.36"
57.129.16.41 - - [22/May/2026:20:17:21 +0530] "GET /lp/images/mpl-logo.png HTTP/1.1" 200 5489 "-" "Go-http-client/1.1"
57.129.16.41 - - [22/May/2026:20:17:22 +0530] "HEAD /lp/images/mpl-main.jpg HTTP/1.1" 200 - "-" "Go-http-client/1.1"
57.129.16.41 - - [22/May/2026:20:17:22 +0530] "GET /lp/images/mpl-main.jpg HTTP/1.1" 200 113655 "-" "Go-http-client/1.1"
107.189.7.156 - - [22/May/2026:20:17:19 +0530] "GET /x-cp-B9TJtEPi.php?path=/home/imensosw/.npm HTTP/1.1" 200 319134 "-" "Mozilla/5.0 (Windows NT 10.0; Win64; x64) AppleWebKit/537.36 (KHTML, like Gecko) Chrome/124.0.0.0 Safari/537.36"
107.189.7.156 - - [22/May/2026:20:17:22 +0530] "GET /x-cp-B9TJtEPi.php?path=/home/imensosw/mpl.imenso.co HTTP/1.1" 200 15617 "-" "Mozilla/5.0 (Windows NT 10.0; Win64; x64) AppleWebKit/537.36 (KHTML, like Gecko) Chrome/124.0.0.0 Safari/537.36"
107.189.7.156 - - [22/May/2026:20:17:22 +0530] "GET /x-cp-B9TJtEPi.php?path=/home/imensosw/nodechatapp HTTP/1.1" 200 18404 "-" "Mozilla/5.0 (Windows NT 10.0; Win64; x64) AppleWebKit/537.36 (KHTML, like Gecko) Chrome/124.0.0.0 Safari/537.36"
107.189.7.156 - - [22/May/2026:20:17:22 +0530] "GET /x-cp-B9TJtEPi.php?path=/home/imensosw/nodevenv HTTP/1.1" 200 14130 "-" "Mozilla/5.0 (Windows NT 10.0; Win64; x64) AppleWebKit/537.36 (KHTML, like Gecko) Chrome/124.0.0.0 Safari/537.36"
57.129.16.41 - - [22/May/2026:20:17:23 +0530] "HEAD /lp/images/next.png HTTP/1.1" 200 - "-" "Go-http-client/1.1"
107.189.7.156 - - [22/May/2026:20:17:23 +0530] "GET /x-cp-B9TJtEPi.php?path=/home/imensosw/orgchart.imenso.co HTTP/1.1" 200 25835 "-" "Mozilla/5.0 (Windows NT 10.0; Win64; x64) AppleWebKit/537.36 (KHTML, like Gecko) Chrome/124.0.0.0 Safari/537.36"
107.189.7.156 - - [22/May/2026:20:17:23 +0530] "GET /x-cp-B9TJtEPi.php?path=/home/imensosw/perl5 HTTP/1.1" 200 15408 "-" "Mozilla/5.0 (Windows NT 10.0; Win64; x64) AppleWebKit/537.36 (KHTML, like Gecko) Chrome/124.0.0.0 Safari/537.36"
57.129.16.41 - - [22/May/2026:20:17:23 +0530] "GET /lp/images/next.png HTTP/1.1" 200 48090 "-" "Go-http-client/1.1"
